CRAN Package Check Results for Package RcextTools

Last updated on 2024-05-23 17:51:58 CEST.

Flavor Version Tinstall Tcheck Ttotal Status Flags
r-devel-linux-x86_64-debian-clang 0.1.1 6.19 50.29 56.48 NOTE
r-devel-linux-x86_64-debian-gcc 0.1.1 5.66 37.41 43.07 NOTE
r-devel-linux-x86_64-fedora-clang 0.1.1 73.77 NOTE
r-devel-linux-x86_64-fedora-gcc 0.1.1 67.18 NOTE
r-devel-windows-x86_64 0.1.1 7.00 59.00 66.00 NOTE
r-patched-linux-x86_64 0.1.1 7.14 47.52 54.66 NOTE
r-release-linux-x86_64 0.1.1 8.00 47.69 55.69 NOTE
r-release-macos-arm64 0.1.1 25.00 NOTE
r-release-windows-x86_64 0.1.1 7.00 56.00 63.00 NOTE
r-oldrel-macos-arm64 0.1.1 24.00 OK
r-oldrel-macos-x86_64 0.1.1 38.00 OK
r-oldrel-windows-x86_64 0.1.1 10.00 63.00 73.00 OK

Check Details

Version: 0.1.1
Check: Rd files
Result: NOTE checkRd: (-1) contratos.Rd:23: Lost braces in \itemize; meant \describe ? checkRd: (-1) contratos.Rd:24: Lost braces in \itemize; meant \describe ? checkRd: (-1) contratos.Rd:25: Lost braces in \itemize; meant \describe ? checkRd: (-1) contratos.Rd:26: Lost braces in \itemize; meant \describe ? checkRd: (-1) contratos.Rd:27: Lost braces in \itemize; meant \describe ? checkRd: (-1) contratos.Rd:28: Lost braces in \itemize; meant \describe ? checkRd: (-1) contratos.Rd:29: Lost braces in \itemize; meant \describe ? checkRd: (-1) contratos.Rd:30: Lost braces in \itemize; meant \describe ? checkRd: (-1) contratos.Rd:31: Lost braces in \itemize; meant \describe ? checkRd: (-1) contratos.Rd:32: Lost braces in \itemize; meant \describe ? checkRd: (-1) contratos.Rd:33: Lost braces in \itemize; meant \describe ? checkRd: (-1) contratos.Rd:34: Lost braces in \itemize; meant \describe ? checkRd: (-1) contratos.Rd:35: Lost braces in \itemize; meant \describe ? checkRd: (-1) contratos.Rd:36: Lost braces in \itemize; meant \describe ? checkRd: (-1) contratos.Rd:37: Lost braces in \itemize; meant \describe ? checkRd: (-1) licitacoes.Rd:21: Lost braces in \itemize; meant \describe ? checkRd: (-1) licitacoes.Rd:22: Lost braces in \itemize; meant \describe ? checkRd: (-1) licitacoes.Rd:23: Lost braces in \itemize; meant \describe ? checkRd: (-1) licitacoes.Rd:24: Lost braces in \itemize; meant \describe ? checkRd: (-1) licitacoes.Rd:25: Lost braces in \itemize; meant \describe ? checkRd: (-1) licitacoes.Rd:26: Lost braces in \itemize; meant \describe ? checkRd: (-1) licitacoes.Rd:27: Lost braces in \itemize; meant \describe ? checkRd: (-1) licitacoes.Rd:28: Lost braces in \itemize; meant \describe ? checkRd: (-1) licitacoes.Rd:29: Lost braces in \itemize; meant \describe ? checkRd: (-1) licitacoes.Rd:30: Lost braces in \itemize; meant \describe ? checkRd: (-1) part_lic.Rd:23: Lost braces in \itemize; meant \describe ? checkRd: (-1) part_lic.Rd:24: Lost braces in \itemize; meant \describe ? checkRd: (-1) part_lic.Rd:25: Lost braces in \itemize; meant \describe ? checkRd: (-1) part_lic.Rd:26: Lost braces in \itemize; meant \describe ? checkRd: (-1) part_lic.Rd:27: Lost braces in \itemize; meant \describe ? checkRd: (-1) part_lic.Rd:28: Lost braces in \itemize; meant \describe ? checkRd: (-1) part_lic.Rd:29: Lost braces in \itemize; meant \describe ? checkRd: (-1) part_lic.Rd:30: Lost braces in \itemize; meant \describe ? checkRd: (-1) part_lic.Rd:31: Lost braces in \itemize; meant \describe ? checkRd: (-1) part_lic.Rd:32: Lost braces in \itemize; meant \describe ? checkRd: (-1) part_lic.Rd:33: Lost braces in \itemize; meant \describe ? checkRd: (-1) part_lic.Rd:34: Lost braces in \itemize; meant \describe ? checkRd: (-1) part_lic.Rd:35: Lost braces in \itemize; meant \describe ? Flavors: r-devel-linux-x86_64-debian-clang, r-devel-linux-x86_64-debian-gcc, r-devel-linux-x86_64-fedora-clang, r-devel-linux-x86_64-fedora-gcc, r-devel-windows-x86_64, r-patched-linux-x86_64, r-release-linux-x86_64, r-release-macos-arm64, r-release-windows-x86_64