Last updated on 2023-09-25 12:01:49 CEST.
Flavor | Version | Tinstall | Tcheck | Ttotal | Status | Flags |
---|---|---|---|---|---|---|
r-devel-linux-x86_64-debian-clang | 0.1.6 | 49.71 | 426.48 | 476.19 | OK | |
r-devel-linux-x86_64-debian-gcc | 0.1.7 | 40.72 | 307.23 | 347.95 | OK | |
r-devel-linux-x86_64-fedora-clang | 0.1.7 | 562.51 | NOTE | |||
r-devel-linux-x86_64-fedora-gcc | 0.1.7 | 564.63 | OK | |||
r-devel-windows-x86_64 | 0.1.7 | 41.00 | 344.00 | 385.00 | OK | |
r-patched-linux-x86_64 | 0.1.7 | 46.94 | 398.02 | 444.96 | OK | |
r-release-linux-x86_64 | 0.1.7 | 32.76 | 401.67 | 434.43 | OK | |
r-release-macos-arm64 | 0.1.6 | 179.00 | OK | |||
r-release-macos-x86_64 | 0.1.7 | 372.00 | OK | |||
r-release-windows-x86_64 | 0.1.7 | 58.00 | 362.00 | 420.00 | OK | |
r-oldrel-macos-arm64 | 0.1.6 | 144.00 | OK | |||
r-oldrel-macos-x86_64 | 0.1.7 | 178.00 | OK | |||
r-oldrel-windows-x86_64 | 0.1.7 | 51.00 | 373.00 | 424.00 | OK |
Version: 0.1.7
Check: package dependencies
Result: NOTE
Imports includes 21 non-default packages.
Importing from so many packages makes the package vulnerable to any of
them becoming unavailable. Move as many as possible to Suggests and
use conditionally.
Flavor: r-devel-linux-x86_64-fedora-clang