CRAN Package Check Results for Package Rchoice

Last updated on 2021-06-23 11:52:55 CEST.

Flavor Version Tinstall Tcheck Ttotal Status Flags
r-devel-linux-x86_64-debian-clang 0.3-2 10.71 89.78 100.49 OK
r-devel-linux-x86_64-debian-gcc 0.3-2 9.59 67.65 77.24 OK
r-devel-linux-x86_64-fedora-clang 0.3-2 126.35 OK
r-devel-linux-x86_64-fedora-gcc 0.3-2 119.12 OK
r-devel-windows-x86_64 0.3-2 16.00 115.00 131.00 OK
r-devel-windows-x86_64-gcc10-UCRT 0.3-2 NOTE
r-patched-linux-x86_64 0.3-2 11.22 86.64 97.86 OK
r-patched-solaris-x86 0.3-2 177.30 OK
r-release-linux-x86_64 0.3-2 9.55 84.38 93.93 OK
r-release-macos-arm64 0.3-2 OK
r-release-macos-x86_64 0.3-2 OK
r-release-windows-ix86+x86_64 0.3-2 20.00 120.00 140.00 OK
r-oldrel-macos-x86_64 0.3-2 OK

Check Details

Version: 0.3-2
Check: package dependencies
Result: NOTE
    Package suggested but not available for checking: 'car'
Flavor: r-devel-windows-x86_64-gcc10-UCRT