Last updated on 2024-04-27 06:01:25 CEST.
Flavor | Version | Tinstall | Tcheck | Ttotal | Status | Flags |
---|---|---|---|---|---|---|
r-devel-linux-x86_64-debian-clang | 1.0.2 | 21.76 | 167.28 | 189.04 | NOTE | |
r-devel-linux-x86_64-debian-gcc | 1.0.2 | 16.94 | 120.94 | 137.88 | NOTE | |
r-devel-linux-x86_64-fedora-clang | 1.0.2 | 246.19 | NOTE | |||
r-devel-linux-x86_64-fedora-gcc | 1.0.2 | 231.68 | NOTE | |||
r-devel-windows-x86_64 | 1.0.2 | 22.00 | 248.00 | 270.00 | NOTE | |
r-patched-linux-x86_64 | 1.0.2 | 26.94 | 157.33 | 184.27 | NOTE | |
r-release-linux-x86_64 | 1.0.2 | 19.84 | 144.53 | 164.37 | NOTE | |
r-release-macos-arm64 | 1.0.2 | 83.00 | NOTE | |||
r-release-windows-x86_64 | 1.0.2 | 20.00 | 241.00 | 261.00 | NOTE | |
r-oldrel-macos-arm64 | 1.0.2 | 68.00 | NOTE | |||
r-oldrel-macos-x86_64 | 1.0.2 | 111.00 | NOTE | |||
r-oldrel-windows-x86_64 | 1.0.2 | 21.00 | 146.00 | 167.00 | NOTE |
Version: 1.0.2
Check: LazyData
Result: NOTE
'LazyData' is specified without a 'data' directory
Flavors: r-devel-linux-x86_64-debian-clang, r-devel-linux-x86_64-debian-gcc, r-devel-linux-x86_64-fedora-clang, r-devel-linux-x86_64-fedora-gcc, r-devel-windows-x86_64, r-patched-linux-x86_64, r-release-linux-x86_64, r-release-macos-arm64, r-release-windows-x86_64, r-oldrel-macos-arm64, r-oldrel-macos-x86_64, r-oldrel-windows-x86_64