CRAN Package Check Results for Package RcmdrPlugin.MA

Last updated on 2022-10-07 05:52:05 CEST.

Flavor Version Tinstall Tcheck Ttotal Status Flags
r-devel-linux-x86_64-debian-clang 0.0-2 23.97 155.76 179.73 NOTE
r-devel-linux-x86_64-debian-gcc 0.0-2 17.99 114.28 132.27 NOTE
r-devel-linux-x86_64-fedora-clang 0.0-2 231.34 NOTE
r-devel-linux-x86_64-fedora-gcc 0.0-2 224.62 NOTE
r-devel-windows-x86_64 0.0-2 52.00 182.00 234.00 NOTE
r-patched-linux-x86_64 0.0-2 26.92 164.51 191.43 OK
r-release-linux-x86_64 0.0-2 26.24 160.06 186.30 OK
r-release-macos-arm64 0.0-2 84.00 OK
r-release-macos-x86_64 0.0-2 193.00 OK
r-release-windows-x86_64 0.0-2 72.00 192.00 264.00 OK
r-oldrel-macos-arm64 0.0-2 86.00 OK
r-oldrel-macos-x86_64 0.0-2 151.00 OK
r-oldrel-windows-ix86+x86_64 0.0-2 47.00 178.00 225.00 OK

Check Details

Version: 0.0-2
Check: Rd files
Result: NOTE
    checkRd: (-1) RcmdrPlugin.MA-package.Rd:21: Escaped LaTeX specials: \&
    checkRd: (-1) RcmdrPlugin.MA-package.Rd:23: Escaped LaTeX specials: \&
Flavors: r-devel-linux-x86_64-debian-clang, r-devel-linux-x86_64-debian-gcc, r-devel-linux-x86_64-fedora-clang, r-devel-linux-x86_64-fedora-gcc, r-devel-windows-x86_64