Last updated on 2023-04-01 11:51:38 CEST.
Flavor | Version | Tinstall | Tcheck | Ttotal | Status | Flags |
---|---|---|---|---|---|---|
r-devel-linux-x86_64-debian-clang | 3.0 | 36.40 | 287.42 | 323.82 | OK | |
r-devel-linux-x86_64-debian-gcc | 3.0 | 28.16 | 204.82 | 232.98 | OK | |
r-devel-linux-x86_64-fedora-clang | 3.0 | 398.89 | OK | |||
r-devel-linux-x86_64-fedora-gcc | 3.0 | 395.69 | OK | |||
r-devel-windows-x86_64 | 3.0 | 52.00 | 412.00 | 464.00 | OK | |
r-patched-linux-x86_64 | 3.0 | 32.16 | 262.88 | 295.04 | OK | |
r-release-linux-x86_64 | 3.0 | 42.29 | 294.92 | 337.21 | OK | |
r-release-macos-arm64 | 3.0 | 83.00 | OK | |||
r-release-macos-x86_64 | 3.0 | 399.00 | OK | |||
r-release-windows-x86_64 | 3.0 | 162.00 | 312.00 | 474.00 | OK | |
r-oldrel-macos-arm64 | 3.0 | 149.00 | OK | |||
r-oldrel-macos-x86_64 | 3.0 | 197.00 | OK | |||
r-oldrel-windows-ix86+x86_64 | 3.0 | 66.00 | 271.00 | 337.00 | NOTE |
Version: 3.0
Check: R code for possible problems
Result: NOTE
Initiating curl with CURL_SSL_BACKEND: openssl
Flavor: r-oldrel-windows-ix86+x86_64