CRAN Package Check Results for Package RcmdrPlugin.TeachStat

Last updated on 2022-11-30 23:54:48 CET.

Flavor Version Tinstall Tcheck Ttotal Status Flags
r-devel-linux-x86_64-debian-clang 1.1.1 31.36 201.87 233.23 OK
r-devel-linux-x86_64-debian-gcc 1.1.1 26.03 148.06 174.09 OK
r-devel-linux-x86_64-fedora-clang 1.1.1 317.85 NOTE
r-devel-linux-x86_64-fedora-gcc 1.1.1 327.80 OK
r-devel-windows-x86_64 1.1.1 217.00 231.00 448.00 OK
r-patched-linux-x86_64 1.1.1 48.64 224.12 272.76 OK
r-release-linux-x86_64 1.1.1 41.85 223.98 265.83 OK
r-release-macos-arm64 1.1.1 73.00 OK
r-release-macos-x86_64 1.1.1 245.00 OK
r-release-windows-x86_64 1.1.1 86.00 242.00 328.00 OK
r-oldrel-macos-arm64 1.1.1 58.00 OK
r-oldrel-macos-x86_64 1.1.1 153.00 OK
r-oldrel-windows-ix86+x86_64 1.1.1 61.00 211.00 272.00 OK

Check Details

Version: 1.1.1
Check: Rd cross-references
Result: NOTE
    Undeclared package ‘randtests’ in Rd xrefs
Flavor: r-devel-linux-x86_64-fedora-clang