Last updated on 2023-11-29 00:50:29 CET.
Flavor | Version | Tinstall | Tcheck | Ttotal | Status | Flags |
---|---|---|---|---|---|---|
r-devel-linux-x86_64-debian-clang | 1.1.3 | 30.93 | 210.98 | 241.91 | OK | |
r-devel-linux-x86_64-debian-gcc | 1.1.3 | 22.73 | 149.19 | 171.92 | OK | |
r-devel-linux-x86_64-fedora-clang | 1.1.3 | 308.80 | OK | |||
r-devel-linux-x86_64-fedora-gcc | 1.1.3 | 303.00 | OK | |||
r-devel-windows-x86_64 | 1.1.3 | 42.00 | 286.00 | 328.00 | OK | |
r-patched-linux-x86_64 | 1.1.3 | 37.52 | 198.23 | 235.75 | OK | |
r-release-linux-x86_64 | 1.1.3 | 23.60 | 195.34 | 218.94 | OK | |
r-release-macos-arm64 | 1.1.3 | 82.00 | OK | |||
r-release-macos-x86_64 | 1.1.3 | 12.00 | ERROR | |||
r-release-windows-x86_64 | 1.1.3 | 37.00 | 243.00 | 280.00 | OK | |
r-oldrel-macos-arm64 | 1.1.3 | 155.00 | OK | |||
r-oldrel-macos-x86_64 | 1.1.2 | 246.00 | OK | |||
r-oldrel-windows-x86_64 | 1.1.3 | 41.00 | 199.00 | 240.00 | OK |
Version: 1.1.3
Check: whether package can be installed
Result: ERROR
Installation failed.
Flavor: r-release-macos-x86_64