CRAN Package Check Results for Package RcmdrPlugin.TeachingDemos

Last updated on 2019-07-16 05:48:28 CEST.

Flavor Version Tinstall Tcheck Ttotal Status Flags
r-devel-linux-x86_64-debian-clang 1.1-0 13.72 105.10 118.82 OK
r-devel-linux-x86_64-debian-gcc 1.1-0 11.31 82.67 93.98 OK
r-devel-linux-x86_64-fedora-clang 1.1-0 144.12 OK
r-devel-linux-x86_64-fedora-gcc 1.1-0 139.55 OK
r-devel-windows-ix86+x86_64 1.1-0 72.00 231.00 303.00 OK
r-patched-linux-x86_64 1.1-0 13.88 104.04 117.92 OK
r-patched-solaris-x86 1.1-0 249.30 OK
r-release-linux-x86_64 1.1-0 13.64 103.69 117.33 OK
r-release-windows-ix86+x86_64 1.1-0 31.00 117.00 148.00 OK
r-release-osx-x86_64 1.1-0 FAIL
r-oldrel-windows-ix86+x86_64 1.1-0 49.00 145.00 194.00 OK
r-oldrel-osx-x86_64 1.1-0 OK

Check Details

Version: 1.1-0
Check: whether package can be installed
Result: WARN
    Found the following significant warnings:
     Warning: 'rgl_init' failed, running with rgl.useNULL = TRUE
     Warning: loading Rplot failed
Flavor: r-release-osx-x86_64

Version: 1.1-0
Check: whether the namespace can be loaded with stated dependencies
Result: FAIL
    
Flavor: r-release-osx-x86_64