CRAN Package Check Results for Package RcppArmadillo

Last updated on 2019-05-21 05:49:16 CEST.

Flavor Version Tinstall Tcheck Ttotal Status Flags
r-devel-linux-x86_64-debian-clang 0.9.400.3.0 36.65 231.73 268.38 OK
r-devel-linux-x86_64-debian-gcc 0.9.400.3.0 28.38 171.46 199.84 OK
r-devel-linux-x86_64-fedora-clang 0.9.400.3.0 348.74 NOTE
r-devel-linux-x86_64-fedora-gcc 0.9.400.3.0 329.80 OK
r-devel-windows-ix86+x86_64 0.9.400.3.0 118.00 545.00 663.00 NOTE
r-patched-linux-x86_64 0.9.400.3.0 34.42 220.58 255.00 OK
r-patched-solaris-x86 0.9.400.3.0 262.60 NOTE
r-release-linux-x86_64 0.9.400.3.0 37.54 219.31 256.85 OK
r-release-windows-ix86+x86_64 0.9.400.3.0 136.00 602.00 738.00 NOTE
r-release-osx-x86_64 0.9.400.3.0 NOTE
r-oldrel-windows-ix86+x86_64 0.9.400.3.0 84.00 396.00 480.00 NOTE
r-oldrel-osx-x86_64 0.9.400.3.0 NOTE

Check Details

Version: 0.9.400.3.0
Check: installed package size
Result: NOTE
     installed size is 8.2Mb
     sub-directories of 1Mb or more:
     include 5.7Mb
     libs 1.4Mb
Flavors: r-devel-linux-x86_64-fedora-clang, r-devel-windows-ix86+x86_64, r-patched-solaris-x86, r-release-windows-ix86+x86_64, r-release-osx-x86_64, r-oldrel-windows-ix86+x86_64, r-oldrel-osx-x86_64