Last updated on 2023-03-26 12:03:27 CEST.
Flavor | Version | Tinstall | Tcheck | Ttotal | Status | Flags |
---|---|---|---|---|---|---|
r-devel-linux-x86_64-debian-clang | 1.0.1 | 119.80 | 89.31 | 209.11 | NOTE | |
r-devel-linux-x86_64-debian-gcc | 1.0.1 | 82.61 | 74.76 | 157.37 | NOTE | |
r-devel-linux-x86_64-fedora-gcc | 1.0.1 | 258.01 | NOTE | |||
r-devel-windows-x86_64 | 1.0.1 | 107.00 | 123.00 | 230.00 | NOTE | |
r-patched-linux-x86_64 | 1.0.1 | 88.04 | 91.96 | 180.00 | NOTE | |
r-release-linux-x86_64 | 1.0.1 | 86.37 | 90.81 | 177.18 | OK | |
r-release-macos-arm64 | 1.0.1 | 66.00 | NOTE | |||
r-release-macos-x86_64 | 1.0.1 | 85.00 | NOTE | |||
r-release-windows-x86_64 | 1.0.1 | 98.00 | 137.00 | 235.00 | OK | |
r-oldrel-macos-arm64 | 1.0.1 | 76.00 | NOTE | |||
r-oldrel-macos-x86_64 | 1.0.1 | 102.00 | NOTE | |||
r-oldrel-windows-ix86+x86_64 | 1.0.1 | 253.00 | 225.00 | 478.00 | OK |
Version: 1.0.1
Check: C++ specification
Result: NOTE
Specified C++11: please drop specification unless essential
Flavors: r-devel-linux-x86_64-debian-clang, r-devel-linux-x86_64-debian-gcc, r-devel-linux-x86_64-fedora-gcc, r-devel-windows-x86_64, r-patched-linux-x86_64
Version: 1.0.1
Check: installed package size
Result: NOTE
installed size is 6.0Mb
sub-directories of 1Mb or more:
libs 5.7Mb
Flavors: r-release-macos-arm64, r-release-macos-x86_64, r-oldrel-macos-arm64, r-oldrel-macos-x86_64
Version: 1.0.1
Check: package dependencies
Result: NOTE
Package suggested but not available for checking: ‘RcppAlgos’
Flavor: r-release-macos-x86_64
Version: 1.0.1
Check: Rd cross-references
Result: NOTE
Package unavailable to check Rd xrefs: ‘RcppAlgos’
Flavor: r-release-macos-x86_64