Last updated on 2024-04-20 00:04:35 CEST.
Flavor | Version | Tinstall | Tcheck | Ttotal | Status | Flags |
---|---|---|---|---|---|---|
r-devel-linux-x86_64-debian-clang | 0.3.0 | 73.99 | 142.08 | 216.07 | NOTE | |
r-devel-linux-x86_64-debian-gcc | 0.3.0 | NOTE | ||||
r-devel-linux-x86_64-fedora-clang | 0.3.0 | 270.00 | NOTE | |||
r-devel-linux-x86_64-fedora-gcc | 0.3.0 | 294.34 | NOTE | |||
r-prerel-macos-arm64 | 0.3.0 | 71.00 | NOTE | |||
r-prerel-windows-x86_64 | 0.3.0 | 60.00 | 140.00 | 200.00 | NOTE | |
r-patched-linux-x86_64 | 0.3.0 | 72.02 | 140.42 | 212.44 | NOTE | |
r-release-linux-x86_64 | 0.3.0 | 52.81 | 145.20 | 198.01 | NOTE | |
r-release-macos-arm64 | 0.3.0 | 82.00 | NOTE | |||
r-release-macos-x86_64 | 0.3.0 | 136.00 | NOTE | |||
r-release-windows-x86_64 | 0.3.0 | 76.00 | 174.00 | 250.00 | NOTE | |
r-oldrel-macos-arm64 | 0.3.0 | 83.00 | NOTE | |||
r-oldrel-windows-x86_64 | 0.3.0 | 76.00 | 159.00 | 235.00 | OK |
Version: 0.3.0
Check: C++ specification
Result: NOTE
Specified C++11: please drop specification unless essential
Flavors: r-devel-linux-x86_64-debian-clang, r-devel-linux-x86_64-debian-gcc, r-devel-linux-x86_64-fedora-clang, r-devel-linux-x86_64-fedora-gcc, r-prerel-macos-arm64, r-prerel-windows-x86_64, r-patched-linux-x86_64, r-release-linux-x86_64, r-release-macos-arm64, r-release-macos-x86_64, r-release-windows-x86_64
Version: 0.3.0
Check: package subdirectories
Result: NOTE
Problems with news in ‘NEWS.md’:
No news entries found.
Flavors: r-devel-linux-x86_64-debian-clang, r-devel-linux-x86_64-debian-gcc, r-devel-linux-x86_64-fedora-clang, r-devel-linux-x86_64-fedora-gcc, r-prerel-macos-arm64, r-prerel-windows-x86_64, r-patched-linux-x86_64, r-release-linux-x86_64, r-release-macos-arm64, r-release-macos-x86_64, r-release-windows-x86_64
Version: 0.3.0
Check: installed package size
Result: NOTE
installed size is 7.7Mb
sub-directories of 1Mb or more:
libs 7.5Mb
Flavors: r-prerel-macos-arm64, r-release-macos-arm64, r-release-macos-x86_64, r-oldrel-macos-arm64