CRAN Package Check Results for Package RcppClassic

Last updated on 2019-05-20 12:04:31 CEST.

Flavor Version Tinstall Tcheck Ttotal Status Flags
r-devel-linux-x86_64-debian-clang 0.9.11 74.51 84.71 159.22 OK
r-devel-linux-x86_64-debian-gcc 0.9.11 50.29 64.07 114.36 OK
r-devel-linux-x86_64-fedora-clang 0.9.11 235.38 OK
r-devel-linux-x86_64-fedora-gcc 0.9.11 206.34 OK
r-devel-windows-ix86+x86_64 0.9.11 193.00 152.00 345.00 OK
r-patched-linux-x86_64 0.9.11 63.49 81.73 145.22 OK
r-patched-solaris-x86 0.9.11 199.80 OK
r-release-linux-x86_64 0.9.11 61.46 82.78 144.24 OK
r-release-windows-ix86+x86_64 0.9.11 184.00 178.00 362.00 OK
r-release-osx-x86_64 0.9.11 WARN
r-oldrel-windows-ix86+x86_64 0.9.11 140.00 111.00 251.00 OK
r-oldrel-osx-x86_64 0.9.11 OK

Check Details

Version: 0.9.11
Check: whether package can be installed
Result: WARN
    Found the following significant warnings:
     WARNING: shared objects/dynamic libraries with hard-coded temporary installation paths
Flavor: r-release-osx-x86_64

Version: 0.9.11
Check: installed package size
Result: NOTE
     installed size is 5.0Mb
     sub-directories of 1Mb or more:
     lib 3.1Mb
     libs 1.5Mb
Flavor: r-release-osx-x86_64