Last updated on 2023-09-30 06:08:49 CEST.
Flavor | Version | Tinstall | Tcheck | Ttotal | Status | Flags |
---|---|---|---|---|---|---|
r-devel-linux-x86_64-debian-clang | 0.0.4 | 24.13 | 27.95 | 52.08 | NOTE | |
r-devel-linux-x86_64-debian-gcc | 0.0.4 | 16.85 | 21.78 | 38.63 | NOTE | |
r-devel-linux-x86_64-fedora-clang | 0.0.4 | 73.08 | NOTE | |||
r-devel-linux-x86_64-fedora-gcc | 0.0.4 | 71.09 | NOTE | |||
r-devel-windows-x86_64 | 0.0.4 | 19.00 | 76.00 | 95.00 | NOTE | |
r-patched-linux-x86_64 | 0.0.4 | 22.36 | 27.16 | 49.52 | NOTE | |
r-release-linux-x86_64 | 0.0.4 | 22.30 | 27.16 | 49.46 | NOTE | |
r-release-macos-arm64 | 0.0.4 | 24.00 | NOTE | |||
r-release-macos-x86_64 | 0.0.4 | 33.00 | NOTE | |||
r-release-windows-x86_64 | 0.0.4 | 29.00 | 88.00 | 117.00 | NOTE | |
r-oldrel-macos-arm64 | 0.0.4 | 27.00 | OK | |||
r-oldrel-macos-x86_64 | 0.0.4 | 45.00 | OK | |||
r-oldrel-windows-x86_64 | 0.0.4 | 28.00 | 76.00 | 104.00 | OK |
Version: 0.0.4
Check: C++ specification
Result: NOTE
Specified C++11: please drop specification unless essential
Flavors: r-devel-linux-x86_64-debian-clang, r-devel-linux-x86_64-debian-gcc, r-devel-linux-x86_64-fedora-clang, r-devel-linux-x86_64-fedora-gcc, r-devel-windows-x86_64, r-patched-linux-x86_64, r-release-linux-x86_64, r-release-macos-arm64, r-release-macos-x86_64, r-release-windows-x86_64