CRAN Package Check Results for Package RcppHMM

Last updated on 2019-03-23 05:48:11 CET.

Flavor Version Tinstall Tcheck Ttotal Status Flags
r-devel-linux-x86_64-debian-clang 1.2.2 82.53 26.10 108.63 OK
r-devel-linux-x86_64-debian-gcc 1.2.2 63.09 20.67 83.76 OK
r-devel-linux-x86_64-fedora-clang 1.2.2 154.41 OK
r-devel-linux-x86_64-fedora-gcc 1.2.2 143.57 OK
r-devel-windows-ix86+x86_64 1.2.2 209.00 87.00 296.00 OK
r-patched-linux-x86_64 1.2.2 76.67 24.23 100.90 OK
r-patched-solaris-x86 1.2.2 145.40 OK
r-release-linux-x86_64 1.2.2 0.35 2.02 2.37 ERROR
r-release-windows-ix86+x86_64 1.2.2 168.00 74.00 242.00 OK
r-release-osx-x86_64 1.2.2 OK
r-oldrel-windows-ix86+x86_64 1.2.2 165.00 77.00 242.00 OK
r-oldrel-osx-x86_64 1.2.2 OK

Check Details

Version: 1.2.2
Check: whether package can be installed
Result: ERROR
    Installation failed.
Flavor: r-release-linux-x86_64