CRAN Package Check Results for Package RcppMeCab

Last updated on 2022-09-27 11:51:23 CEST.

Flavor Version Tinstall Tcheck Ttotal Status Flags
r-devel-linux-x86_64-debian-clang 0.0.1.2 45.96 28.40 74.36 NOTE
r-devel-linux-x86_64-debian-gcc 0.0.1.2 37.43 22.43 59.86 NOTE
r-devel-linux-x86_64-fedora-clang 0.0.1.2 116.83 NOTE
r-devel-linux-x86_64-fedora-gcc 0.0.1.2 113.26 NOTE
r-devel-windows-x86_64 0.0.1.2 54.00 90.00 144.00 NOTE
r-patched-linux-x86_64 0.0.1.2 36.06 27.74 63.80 NOTE
r-release-linux-x86_64 0.0.1.2 42.34 27.17 69.51 NOTE
r-release-macos-arm64 0.0.1.2 24.00 ERROR
r-release-macos-x86_64 0.0.1.2 25.00 ERROR
r-release-windows-x86_64 0.0.1.2 50.00 92.00 142.00 NOTE
r-oldrel-macos-arm64 0.0.1.2 23.00 ERROR
r-oldrel-macos-x86_64 0.0.1.2 30.00 ERROR
r-oldrel-windows-ix86+x86_64 0.0.1.2 136.00 100.00 236.00 NOTE

Check Details

Version: 0.0.1.2
Check: LazyData
Result: NOTE
     'LazyData' is specified without a 'data' directory
Flavors: r-devel-linux-x86_64-debian-clang, r-devel-linux-x86_64-debian-gcc, r-devel-linux-x86_64-fedora-clang, r-devel-linux-x86_64-fedora-gcc, r-devel-windows-x86_64, r-patched-linux-x86_64, r-release-linux-x86_64, r-release-windows-x86_64, r-oldrel-windows-ix86+x86_64

Version: 0.0.1.2
Check: for GNU extensions in Makefiles
Result: NOTE
    GNU make is a SystemRequirements.
Flavors: r-devel-linux-x86_64-debian-clang, r-devel-linux-x86_64-debian-gcc, r-devel-linux-x86_64-fedora-clang, r-devel-linux-x86_64-fedora-gcc, r-devel-windows-x86_64, r-patched-linux-x86_64, r-release-linux-x86_64, r-release-windows-x86_64, r-oldrel-windows-ix86+x86_64

Version: 0.0.1.2
Check: whether package can be installed
Result: ERROR
    Installation failed.
Flavors: r-release-macos-arm64, r-release-macos-x86_64, r-oldrel-macos-arm64, r-oldrel-macos-x86_64

Version: 0.0.1.2
Check: installed package size
Result: NOTE
     installed size is 5.9Mb
     sub-directories of 1Mb or more:
     libs 5.8Mb
Flavor: r-oldrel-windows-ix86+x86_64