CRAN Package Check Results for Package RcppMeCab

Last updated on 2023-09-28 05:56:57 CEST.

Flavor Version Tinstall Tcheck Ttotal Status Flags
r-devel-linux-x86_64-debian-clang 0.0.1.2 48.92 27.93 76.85 NOTE
r-devel-linux-x86_64-debian-gcc 0.0.1.2 37.27 21.79 59.06 NOTE
r-devel-linux-x86_64-fedora-clang 0.0.1.2 107.09 NOTE
r-devel-linux-x86_64-fedora-gcc 0.0.1.2 114.79 NOTE
r-devel-windows-x86_64 0.0.1.2 42.00 82.00 124.00 NOTE
r-patched-linux-x86_64 0.0.1.2 46.01 27.62 73.63 NOTE
r-release-linux-x86_64 0.0.1.2 50.71 27.75 78.46 NOTE
r-release-macos-arm64 0.0.1.2 19.00 ERROR
r-release-macos-x86_64 0.0.1.2 83.00 ERROR
r-release-windows-x86_64 0.0.1.2 46.00 85.00 131.00 NOTE
r-oldrel-macos-arm64 0.0.1.2 22.00 ERROR
r-oldrel-macos-x86_64 0.0.1.2 32.00 ERROR
r-oldrel-windows-x86_64 0.0.1.2 58.00 83.00 141.00 NOTE

Check Details

Version: 0.0.1.2
Check: C++ specification
Result: NOTE
     Specified C++11: please drop specification unless essential
Flavors: r-devel-linux-x86_64-debian-clang, r-devel-linux-x86_64-debian-gcc, r-devel-linux-x86_64-fedora-clang, r-devel-linux-x86_64-fedora-gcc, r-devel-windows-x86_64, r-patched-linux-x86_64, r-release-linux-x86_64, r-release-windows-x86_64

Version: 0.0.1.2
Check: LazyData
Result: NOTE
     'LazyData' is specified without a 'data' directory
Flavors: r-devel-linux-x86_64-debian-clang, r-devel-linux-x86_64-debian-gcc, r-devel-linux-x86_64-fedora-clang, r-devel-linux-x86_64-fedora-gcc, r-devel-windows-x86_64, r-patched-linux-x86_64, r-release-linux-x86_64, r-release-windows-x86_64, r-oldrel-windows-x86_64

Version: 0.0.1.2
Check: for GNU extensions in Makefiles
Result: NOTE
    GNU make is a SystemRequirements.
Flavors: r-devel-linux-x86_64-debian-clang, r-devel-linux-x86_64-debian-gcc, r-devel-linux-x86_64-fedora-clang, r-devel-linux-x86_64-fedora-gcc, r-devel-windows-x86_64, r-patched-linux-x86_64, r-release-linux-x86_64, r-release-windows-x86_64, r-oldrel-windows-x86_64

Version: 0.0.1.2
Check: whether package can be installed
Result: ERROR
    Installation failed.
Flavors: r-release-macos-arm64, r-release-macos-x86_64, r-oldrel-macos-arm64, r-oldrel-macos-x86_64