CRAN Package Check Results for Package RcppNumerical

Last updated on 2019-05-25 17:48:21 CEST.

Flavor Version Tinstall Tcheck Ttotal Status Flags
r-devel-linux-x86_64-debian-clang 0.3-2 30.66 103.82 134.48 OK
r-devel-linux-x86_64-debian-gcc 0.3-2 28.39 88.96 117.35 OK
r-devel-linux-x86_64-fedora-clang 0.3-2 180.10 NOTE
r-devel-linux-x86_64-fedora-gcc 0.3-2 190.94 OK
r-devel-windows-ix86+x86_64 0.3-2 64.00 131.00 195.00 OK
r-patched-linux-x86_64 0.3-2 OK
r-patched-solaris-x86 0.3-2 196.80 OK
r-release-linux-x86_64 0.3-2 32.52 114.69 147.21 OK
r-release-windows-ix86+x86_64 0.3-2 88.00 166.00 254.00 OK
r-release-osx-x86_64 0.3-2 NOTE
r-oldrel-windows-ix86+x86_64 0.3-2 84.00 128.00 212.00 OK
r-oldrel-osx-x86_64 0.3-2 NOTE

Check Details

Version: 0.3-2
Check: installed package size
Result: NOTE
     installed size is 5.3Mb
     sub-directories of 1Mb or more:
     libs 4.8Mb
Flavors: r-devel-linux-x86_64-fedora-clang, r-release-osx-x86_64, r-oldrel-osx-x86_64