CRAN Package Check Results for Package RcppNumerical

Last updated on 2024-02-26 18:50:10 CET.

Flavor Version Tinstall Tcheck Ttotal Status Flags
r-devel-linux-x86_64-debian-clang 0.6-0 38.94 163.08 202.02 OK
r-devel-linux-x86_64-debian-gcc 0.6-0 37.79 132.05 169.84 OK
r-devel-linux-x86_64-fedora-clang 0.6-0 259.32 OK
r-devel-linux-x86_64-fedora-gcc 0.6-0 305.76 OK
r-devel-windows-x86_64 0.6-0 38.00 188.00 226.00 OK
r-patched-linux-x86_64 0.6-0 47.90 179.74 227.64 OK
r-release-linux-x86_64 0.6-0 47.29 182.54 229.83 OK
r-release-macos-arm64 0.6-0 101.00 NOTE
r-release-macos-x86_64 0.6-0 144.00 NOTE
r-release-windows-x86_64 0.6-0 48.00 209.00 257.00 OK
r-oldrel-macos-arm64 0.6-0 72.00 NOTE
r-oldrel-windows-x86_64 0.6-0 46.00 206.00 252.00 OK

Check Details

Version: 0.6-0
Check: installed package size
Result: NOTE installed size is 6.4Mb sub-directories of 1Mb or more: libs 5.8Mb Flavors: r-release-macos-arm64, r-release-macos-x86_64, r-oldrel-macos-arm64