CRAN Package Check Results for Package RcppNumerical

Last updated on 2019-03-18 23:51:22 CET.

Flavor Version Tinstall Tcheck Ttotal Status Flags
r-devel-linux-x86_64-debian-clang 0.3-2 28.07 104.25 132.32 OK
r-devel-linux-x86_64-debian-gcc 0.3-2 28.91 88.52 117.43 OK
r-devel-linux-x86_64-fedora-clang 0.3-2 177.21 NOTE
r-devel-linux-x86_64-fedora-gcc 0.3-2 187.12 OK
r-devel-windows-ix86+x86_64 0.3-2 89.00 164.00 253.00 OK
r-patched-linux-x86_64 0.3-2 35.93 114.56 150.49 OK
r-patched-solaris-x86 0.3-2 173.40 OK
r-release-linux-x86_64 0.3-2 35.46 113.37 148.83 OK
r-release-windows-ix86+x86_64 0.3-2 87.00 128.00 215.00 OK
r-release-osx-x86_64 0.3-2 NOTE
r-oldrel-windows-ix86+x86_64 0.3-2 73.00 173.00 246.00 OK
r-oldrel-osx-x86_64 0.3-2 NOTE

Check Details

Version: 0.3-2
Check: installed package size
Result: NOTE
     installed size is 5.8Mb
     sub-directories of 1Mb or more:
     libs 5.3Mb
Flavors: r-devel-linux-x86_64-fedora-clang, r-release-osx-x86_64, r-oldrel-osx-x86_64