Last updated on 2024-04-17 23:55:44 CEST.
Flavor | Version | Tinstall | Tcheck | Ttotal | Status | Flags |
---|---|---|---|---|---|---|
r-devel-linux-x86_64-debian-clang | 0.1.2 | 225.26 | 30.55 | 255.81 | OK | |
r-devel-linux-x86_64-debian-gcc | 0.1.2 | 173.55 | 23.53 | 197.08 | OK | |
r-devel-linux-x86_64-fedora-clang | 0.1.2 | 418.43 | OK | |||
r-devel-linux-x86_64-fedora-gcc | 0.1.2 | 381.92 | OK | |||
r-prerel-macos-arm64 | 0.1.2 | 62.00 | NOTE | |||
r-prerel-windows-x86_64 | 0.1.2 | 206.00 | 94.00 | 300.00 | OK | |
r-patched-linux-x86_64 | 0.1.2 | 214.30 | 29.51 | 243.81 | OK | |
r-release-linux-x86_64 | 0.1.2 | 215.56 | 29.65 | 245.21 | OK | |
r-release-macos-arm64 | 0.1.2 | 75.00 | NOTE | |||
r-release-macos-x86_64 | 0.1.2 | 77.00 | NOTE | |||
r-release-windows-x86_64 | 0.1.2 | 198.00 | 109.00 | 307.00 | OK | |
r-oldrel-macos-arm64 | 0.1.2 | 73.00 | NOTE | |||
r-oldrel-windows-x86_64 | 0.1.2 | 195.00 | 101.00 | 296.00 | OK |
Version: 0.1.2
Check: installed package size
Result: NOTE
installed size is 8.4Mb
sub-directories of 1Mb or more:
libs 8.3Mb
Flavors: r-prerel-macos-arm64, r-release-macos-arm64, r-release-macos-x86_64, r-oldrel-macos-arm64