CRAN Package Check Results for Package RcppStreams

Last updated on 2022-09-27 11:51:23 CEST.

Flavor Version Tinstall Tcheck Ttotal Status Flags
r-devel-linux-x86_64-debian-clang 0.1.3 82.89 28.16 111.05 OK
r-devel-linux-x86_64-debian-gcc 0.1.3 66.68 24.67 91.35 OK
r-devel-linux-x86_64-fedora-clang 0.1.3 171.33 OK
r-devel-linux-x86_64-fedora-gcc 0.1.3 168.51 OK
r-devel-windows-x86_64 0.1.3 191.00 85.00 276.00 OK
r-patched-linux-x86_64 0.1.3 71.71 30.88 102.59 OK
r-release-linux-x86_64 0.1.3 70.93 30.30 101.23 OK
r-release-macos-arm64 0.1.3 41.00 NOTE
r-release-macos-x86_64 0.1.3 62.00 NOTE
r-release-windows-x86_64 0.1.3 270.00 83.00 353.00 OK
r-oldrel-macos-arm64 0.1.3 45.00 NOTE
r-oldrel-macos-x86_64 0.1.3 74.00 NOTE
r-oldrel-windows-ix86+x86_64 0.1.3 219.00 111.00 330.00 OK

Check Details

Version: 0.1.3
Check: installed package size
Result: NOTE
     installed size is 5.3Mb
     sub-directories of 1Mb or more:
     libs 4.5Mb
Flavors: r-release-macos-arm64, r-release-macos-x86_64, r-oldrel-macos-arm64, r-oldrel-macos-x86_64