CRAN Package Check Results for Package RcppXPtrUtils

Last updated on 2021-10-27 23:50:37 CEST.

Flavor Version Tinstall Tcheck Ttotal Status Flags
r-devel-linux-x86_64-debian-clang 0.1.1 1.58 40.34 41.92 OK
r-devel-linux-x86_64-debian-gcc 0.1.1 1.49 28.87 30.36 OK
r-devel-linux-x86_64-fedora-clang 0.1.1 66.57 NOTE
r-devel-linux-x86_64-fedora-gcc 0.1.1 50.77 OK
r-devel-windows-x86_64 0.1.1 4.00 73.00 77.00 OK
r-devel-windows-x86_64-gcc10-UCRT 0.1.1 OK
r-patched-linux-x86_64 0.1.1 2.29 37.76 40.05 OK
r-patched-solaris-x86 0.1.1 88.30 OK
r-release-linux-x86_64 0.1.1 1.90 37.26 39.16 OK
r-release-macos-arm64 0.1.1 OK
r-release-macos-x86_64 0.1.1 OK
r-release-windows-ix86+x86_64 0.1.1 4.00 64.00 68.00 OK
r-oldrel-macos-x86_64 0.1.1 OK
r-oldrel-windows-ix86+x86_64 0.1.1 4.00 65.00 69.00 OK

Check Details

Version: 0.1.1
Check: Rd cross-references
Result: NOTE
    Undeclared package ‘inline’ in Rd xrefs
Flavor: r-devel-linux-x86_64-fedora-clang