CRAN Package Check Results for Package Rdiagnosislist

Last updated on 2024-02-22 00:58:39 CET.

Flavor Version Tinstall Tcheck Ttotal Status Flags
r-devel-linux-x86_64-debian-clang 1.2 NOTE
r-devel-linux-x86_64-debian-gcc 1.2 4.12 85.93 90.05 NOTE
r-devel-linux-x86_64-fedora-clang 1.2 147.55 NOTE
r-devel-linux-x86_64-fedora-gcc 1.2 155.49 NOTE
r-devel-windows-x86_64 1.2 6.00 97.00 103.00 OK
r-patched-linux-x86_64 1.2 6.03 98.87 104.90 OK
r-release-linux-x86_64 1.2 5.47 95.49 100.96 OK
r-release-macos-arm64 1.2 56.00 OK
r-release-macos-x86_64 1.2 96.00 OK
r-release-windows-x86_64 1.2 7.00 112.00 119.00 OK
r-oldrel-macos-arm64 1.2 37.00 OK
r-oldrel-windows-x86_64 1.2 6.00 104.00 110.00 OK

Check Details

Version: 1.2
Check: Rd files
Result: NOTE checkRd: (-1) HISTORY.Rd:18: Lost braces in \itemize; meant \describe ? checkRd: (-1) HISTORY.Rd:19: Lost braces in \itemize; meant \describe ? checkRd: (-1) HISTORY.Rd:20: Lost braces in \itemize; meant \describe ? checkRd: (-1) HISTORY.Rd:21: Lost braces in \itemize; meant \describe ? checkRd: (-1) HISTORY.Rd:22: Lost braces in \itemize; meant \describe ? checkRd: (-1) HISTORY.Rd:23: Lost braces in \itemize; meant \describe ? checkRd: (-1) HISTORY.Rd:24: Lost braces in \itemize; meant \describe ? checkRd: (-1) HISTORY.Rd:25: Lost braces in \itemize; meant \describe ? checkRd: (-1) HISTORY.Rd:26: Lost braces in \itemize; meant \describe ? checkRd: (-1) HISTORY.Rd:27: Lost braces in \itemize; meant \describe ? checkRd: (-1) HISTORY.Rd:28: Lost braces in \itemize; meant \describe ? checkRd: (-1) HISTORY.Rd:29: Lost braces in \itemize; meant \describe ? checkRd: (-1) HISTORY.Rd:30: Lost braces in \itemize; meant \describe ? checkRd: (-1) HISTORY.Rd:31: Lost braces in \itemize; meant \describe ? checkRd: (-1) QUERY.Rd:19: Lost braces in \itemize; meant \describe ? checkRd: (-1) QUERY.Rd:20: Lost braces in \itemize; meant \describe ? checkRd: (-1) QUERY.Rd:21: Lost braces in \itemize; meant \describe ? checkRd: (-1) READMAPS.Rd:24: Lost braces in \itemize; meant \describe ? checkRd: (-1) READMAPS.Rd:25: Lost braces in \itemize; meant \describe ? checkRd: (-1) READMAPS.Rd:26: Lost braces in \itemize; meant \describe ? checkRd: (-1) READMAPS.Rd:27: Lost braces in \itemize; meant \describe ? checkRd: (-1) READMAPS.Rd:28: Lost braces in \itemize; meant \describe ? checkRd: (-1) SNOMED_CONCEPT.Rd:19: Lost braces in \itemize; meant \describe ? checkRd: (-1) SNOMED_CONCEPT.Rd:20: Lost braces in \itemize; meant \describe ? checkRd: (-1) SNOMED_CONCEPT.Rd:21: Lost braces in \itemize; meant \describe ? checkRd: (-1) SNOMED_CONCEPT.Rd:22: Lost braces in \itemize; meant \describe ? checkRd: (-1) SNOMED_CONCEPT.Rd:23: Lost braces in \itemize; meant \describe ? checkRd: (-1) SNOMED_DESCRIPTION.Rd:20: Lost braces in \itemize; meant \describe ? checkRd: (-1) SNOMED_DESCRIPTION.Rd:21-22: Lost braces in \itemize; meant \describe ? checkRd: (-1) SNOMED_DESCRIPTION.Rd:23: Lost braces in \itemize; meant \describe ? checkRd: (-1) SNOMED_DESCRIPTION.Rd:24: Lost braces in \itemize; meant \describe ? checkRd: (-1) SNOMED_DESCRIPTION.Rd:25-26: Lost braces in \itemize; meant \describe ? checkRd: (-1) SNOMED_DESCRIPTION.Rd:27: Lost braces in \itemize; meant \describe ? checkRd: (-1) SNOMED_DESCRIPTION.Rd:28-31: Lost braces in \itemize; meant \describe ? checkRd: (-1) SNOMED_DESCRIPTION.Rd:32: Lost braces in \itemize; meant \describe ? checkRd: (-1) SNOMED_DESCRIPTION.Rd:33: Lost braces in \itemize; meant \describe ? checkRd: (-1) SNOMED_EXTENDEDMAP.Rd:19: Lost braces in \itemize; meant \describe ? checkRd: (-1) SNOMED_EXTENDEDMAP.Rd:20: Lost braces in \itemize; meant \describe ? checkRd: (-1) SNOMED_EXTENDEDMAP.Rd:21: Lost braces in \itemize; meant \describe ? checkRd: (-1) SNOMED_EXTENDEDMAP.Rd:22: Lost braces in \itemize; meant \describe ? checkRd: (-1) SNOMED_EXTENDEDMAP.Rd:23: Lost braces in \itemize; meant \describe ? checkRd: (-1) SNOMED_EXTENDEDMAP.Rd:24: Lost braces in \itemize; meant \describe ? checkRd: (-1) SNOMED_EXTENDEDMAP.Rd:25: Lost braces in \itemize; meant \describe ? checkRd: (-1) SNOMED_EXTENDEDMAP.Rd:26: Lost braces in \itemize; meant \describe ? checkRd: (-1) SNOMED_EXTENDEDMAP.Rd:27: Lost braces in \itemize; meant \describe ? checkRd: (-1) SNOMED_EXTENDEDMAP.Rd:28: Lost braces in \itemize; meant \describe ? checkRd: (-1) SNOMED_EXTENDEDMAP.Rd:29: Lost braces in \itemize; meant \describe ? checkRd: (-1) SNOMED_REFSET.Rd:22: Lost braces in \itemize; meant \describe ? checkRd: (-1) SNOMED_REFSET.Rd:23: Lost braces in \itemize; meant \describe ? checkRd: (-1) SNOMED_REFSET.Rd:24: Lost braces in \itemize; meant \describe ? checkRd: (-1) SNOMED_REFSET.Rd:25: Lost braces in \itemize; meant \describe ? checkRd: (-1) SNOMED_REFSET.Rd:26: Lost braces in \itemize; meant \describe ? checkRd: (-1) SNOMED_RELATIONSHIP.Rd:26: Lost braces in \itemize; meant \describe ? checkRd: (-1) SNOMED_RELATIONSHIP.Rd:27: Lost braces in \itemize; meant \describe ? checkRd: (-1) SNOMED_RELATIONSHIP.Rd:28-29: Lost braces in \itemize; meant \describe ? checkRd: (-1) SNOMED_RELATIONSHIP.Rd:30: Lost braces in \itemize; meant \describe ? checkRd: (-1) SNOMED_RELATIONSHIP.Rd:31: Lost braces in \itemize; meant \describe ? checkRd: (-1) SNOMED_RELATIONSHIP.Rd:32: Lost braces in \itemize; meant \describe ? checkRd: (-1) SNOMED_RELATIONSHIP.Rd:33: Lost braces in \itemize; meant \describe ? checkRd: (-1) SNOMED_RELATIONSHIP.Rd:34: Lost braces in \itemize; meant \describe ? checkRd: (-1) SNOMED_RELATIONSHIP.Rd:35: Lost braces in \itemize; meant \describe ? checkRd: (-1) SNOMED_RELATIONSHIP.Rd:36-38: Lost braces in \itemize; meant \describe ? checkRd: (-1) SNOMED_SIMPLEMAP.Rd:19: Lost braces in \itemize; meant \describe ? checkRd: (-1) SNOMED_SIMPLEMAP.Rd:20: Lost braces in \itemize; meant \describe ? checkRd: (-1) SNOMED_SIMPLEMAP.Rd:21: Lost braces in \itemize; meant \describe ? checkRd: (-1) SNOMED_SIMPLEMAP.Rd:22: Lost braces in \itemize; meant \describe ? checkRd: (-1) SNOMED_SIMPLEMAP.Rd:23: Lost braces in \itemize; meant \describe ? checkRd: (-1) SNOMED_SIMPLEMAP.Rd:24: Lost braces in \itemize; meant \describe ? checkRd: (-1) loadREADMAPS.Rd:51-53: Lost braces in \itemize; meant \describe ? checkRd: (-1) loadREADMAPS.Rd:54-56: Lost braces in \itemize; meant \describe ? checkRd: (-1) loadREADMAPS.Rd:57-59: Lost braces in \itemize; meant \describe ? checkRd: (-1) loadREADMAPS.Rd:64: Lost braces in \itemize; meant \describe ? checkRd: (-1) loadREADMAPS.Rd:65: Lost braces in \itemize; meant \describe ? checkRd: (-1) loadREADMAPS.Rd:66: Lost braces in \itemize; meant \describe ? checkRd: (-1) loadREADMAPS.Rd:67: Lost braces in \itemize; meant \describe ? checkRd: (-1) loadREADMAPS.Rd:68: Lost braces in \itemize; meant \describe ? checkRd: (-1) loadSNOMED.Rd:16: Lost braces 16 | folder paths and expressed in the form: INT{date} & UK{date}} | ^ checkRd: (-1) loadSNOMED.Rd:16: Lost braces 16 | folder paths and expressed in the form: INT{date} & UK{date}} | ^ Flavors: r-devel-linux-x86_64-debian-clang, r-devel-linux-x86_64-debian-gcc, r-devel-linux-x86_64-fedora-clang, r-devel-linux-x86_64-fedora-gcc