Last updated on 2023-03-23 17:52:25 CET.
Flavor | Version | Tinstall | Tcheck | Ttotal | Status | Flags |
---|---|---|---|---|---|---|
r-devel-linux-x86_64-debian-clang | 1.0 | 5.23 | 95.02 | 100.25 | WARN | |
r-devel-linux-x86_64-debian-gcc | 1.0 | 3.62 | 65.72 | 69.34 | WARN | |
r-devel-linux-x86_64-fedora-clang | 1.0 | 116.96 | WARN | |||
r-devel-linux-x86_64-fedora-gcc | 1.0 | 118.17 | WARN | |||
r-devel-windows-x86_64 | 1.0 | 64.00 | 121.00 | 185.00 | WARN | |
r-patched-linux-x86_64 | 1.0 | 3.99 | 75.58 | 79.57 | OK | |
r-release-linux-x86_64 | 1.0 | 4.03 | 74.42 | 78.45 | OK | |
r-release-macos-arm64 | 1.0 | 29.00 | OK | |||
r-release-macos-x86_64 | 1.0 | 42.00 | OK | |||
r-release-windows-x86_64 | 1.0 | 68.00 | 116.00 | 184.00 | OK | |
r-oldrel-macos-arm64 | 1.0 | 159.00 | OK | |||
r-oldrel-macos-x86_64 | 1.0 | 44.00 | OK | |||
r-oldrel-windows-ix86+x86_64 | 1.0 | 9.00 | 120.00 | 129.00 | OK |
Version: 1.0
Check: S3 generic/method consistency
Result: WARN
as.integer64:
function(x, ...)
as.integer64.SNOMEDconcept:
function(x)
See section ‘Generic functions and methods’ in the ‘Writing R
Extensions’ manual.
Flavors: r-devel-linux-x86_64-debian-clang, r-devel-linux-x86_64-debian-gcc, r-devel-linux-x86_64-fedora-clang, r-devel-linux-x86_64-fedora-gcc, r-devel-windows-x86_64