CRAN Package Check Results for Package Rdsm

Last updated on 2019-03-26 05:50:47 CET.

Flavor Version Tinstall Tcheck Ttotal Status Flags
r-devel-linux-x86_64-debian-clang 2.1.1 2.60 25.76 28.36 NOTE
r-devel-linux-x86_64-debian-gcc 2.1.1 2.14 21.10 23.24 NOTE
r-devel-linux-x86_64-fedora-clang 2.1.1 34.40 NOTE
r-devel-linux-x86_64-fedora-gcc 2.1.1 32.08 NOTE
r-patched-linux-x86_64 2.1.1 1.75 24.48 26.23 NOTE
r-patched-solaris-x86 2.1.1 58.30 NOTE
r-release-linux-x86_64 2.1.1 1.74 24.58 26.32 NOTE
r-release-osx-x86_64 2.1.1 NOTE
r-oldrel-osx-x86_64 2.1.1 NOTE

Check Details

Version: 2.1.1
Check: dependencies in R code
Result: NOTE
    'library' or 'require' call to 'synchronicity' in package code.
     Please use :: or requireNamespace() instead.
     See section 'Suggested packages' in the 'Writing R Extensions' manual.
Flavors: r-devel-linux-x86_64-debian-clang, r-devel-linux-x86_64-debian-gcc, r-devel-linux-x86_64-fedora-clang, r-devel-linux-x86_64-fedora-gcc, r-patched-linux-x86_64, r-patched-solaris-x86, r-release-linux-x86_64, r-release-osx-x86_64, r-oldrel-osx-x86_64