CRAN Package Check Results for Package Rdsm

Last updated on 2021-06-20 11:51:31 CEST.

Flavor Version Tinstall Tcheck Ttotal Status Flags
r-devel-linux-x86_64-debian-clang 2.1.1 2.66 30.73 33.39 NOTE
r-devel-linux-x86_64-debian-gcc 2.1.1 2.43 24.28 26.71 NOTE
r-devel-linux-x86_64-fedora-clang 2.1.1 50.86 NOTE
r-devel-linux-x86_64-fedora-gcc 2.1.1 39.84 NOTE
r-devel-windows-x86_64-gcc10-UCRT 2.1.1 NOTE
r-patched-linux-x86_64 2.1.1 2.83 30.25 33.08 NOTE
r-patched-solaris-x86 2.1.1 67.70 NOTE
r-release-linux-x86_64 2.1.1 2.60 29.52 32.12 NOTE
r-release-macos-arm64 2.1.1 NOTE
r-release-macos-x86_64 2.1.1 NOTE
r-oldrel-macos-x86_64 2.1.1 NOTE

Check Details

Version: 2.1.1
Check: dependencies in R code
Result: NOTE
    'library' or 'require' call to 'synchronicity' in package code.
     Please use :: or requireNamespace() instead.
     See section 'Suggested packages' in the 'Writing R Extensions' manual.
Flavors: r-devel-linux-x86_64-debian-clang, r-devel-linux-x86_64-debian-gcc, r-devel-linux-x86_64-fedora-clang, r-devel-linux-x86_64-fedora-gcc, r-devel-windows-x86_64-gcc10-UCRT, r-patched-linux-x86_64, r-patched-solaris-x86, r-release-linux-x86_64, r-release-macos-arm64, r-release-macos-x86_64, r-oldrel-macos-x86_64

Version: 2.1.1
Check: for non-standard things in the check directory
Result: NOTE
    Found the following files/directories:
     'a.desc' 'b.desc' 'barrnumleft.desc' 'barrsense.desc' 'c.desc'
     'm.desc' 'u.desc' 'x' 'x.desc'
Flavors: r-devel-linux-x86_64-debian-clang, r-devel-linux-x86_64-debian-gcc, r-devel-linux-x86_64-fedora-clang, r-devel-linux-x86_64-fedora-gcc, r-patched-linux-x86_64, r-patched-solaris-x86, r-release-linux-x86_64