Last updated on 2024-04-25 00:56:10 CEST.
Flavor | Version | Tinstall | Tcheck | Ttotal | Status | Flags |
---|---|---|---|---|---|---|
r-devel-linux-x86_64-debian-clang | 1.4.3.1 | 11.00 | 84.59 | 95.59 | NOTE | |
r-devel-linux-x86_64-debian-gcc | 1.4.3.1 | 10.16 | 62.02 | 72.18 | NOTE | |
r-devel-linux-x86_64-fedora-clang | 1.4.3.1 | 121.47 | NOTE | |||
r-devel-linux-x86_64-fedora-gcc | 1.4.3.1 | 130.61 | NOTE | |||
r-devel-windows-x86_64 | 1.4.3.1 | 12.00 | 124.00 | 136.00 | NOTE | |
r-patched-linux-x86_64 | 1.4.3.1 | 16.30 | 81.37 | 97.67 | NOTE | |
r-release-linux-x86_64 | 1.4.3.1 | 12.28 | 77.98 | 90.26 | NOTE | |
r-release-macos-arm64 | 1.4.3.1 | 40.00 | NOTE | |||
r-release-windows-x86_64 | 1.4.3.1 | 12.00 | 121.00 | 133.00 | NOTE | |
r-oldrel-macos-arm64 | 1.4.3.1 | 42.00 | NOTE | |||
r-oldrel-macos-x86_64 | 1.4.3.1 | 80.00 | NOTE | |||
r-oldrel-windows-x86_64 | 1.4.3.1 | 11.00 | 123.00 | 134.00 | NOTE |
Version: 1.4.3.1
Check: LazyData
Result: NOTE
'LazyData' is specified without a 'data' directory
Flavors: r-devel-linux-x86_64-debian-clang, r-devel-linux-x86_64-debian-gcc, r-devel-linux-x86_64-fedora-clang, r-devel-linux-x86_64-fedora-gcc, r-devel-windows-x86_64, r-patched-linux-x86_64, r-release-linux-x86_64, r-release-macos-arm64, r-release-windows-x86_64, r-oldrel-macos-arm64, r-oldrel-macos-x86_64, r-oldrel-windows-x86_64