Last updated on 2024-03-28 17:49:40 CET.
Flavor | Version | Tinstall | Tcheck | Ttotal | Status | Flags |
---|---|---|---|---|---|---|
r-devel-linux-x86_64-debian-clang | 0.0.1 | 4.85 | 64.31 | 69.16 | NOTE | |
r-devel-linux-x86_64-debian-gcc | 0.0.1 | 4.31 | 48.45 | 52.76 | NOTE | |
r-devel-linux-x86_64-fedora-clang | 0.0.1 | 86.41 | NOTE | |||
r-devel-linux-x86_64-fedora-gcc | 0.0.1 | 82.86 | NOTE | |||
r-devel-windows-x86_64 | 0.0.1 | 6.00 | 66.00 | 72.00 | NOTE | |
r-patched-linux-x86_64 | 0.0.1 | 5.95 | 61.96 | 67.91 | NOTE | |
r-release-linux-x86_64 | 0.0.1 | 5.09 | 61.77 | 66.86 | NOTE | |
r-release-macos-arm64 | 0.0.1 | 30.00 | NOTE | |||
r-release-macos-x86_64 | 0.0.1 | 44.00 | NOTE | |||
r-release-windows-x86_64 | 0.0.1 | 6.00 | 75.00 | 81.00 | NOTE | |
r-oldrel-macos-arm64 | 0.0.1 | 26.00 | NOTE | |||
r-oldrel-windows-x86_64 | 0.0.1 | 7.00 | 82.00 | 89.00 | OK |
Version: 0.0.1
Check: package subdirectories
Result: NOTE
Problems with news in ‘NEWS.md’:
No news entries found.
Flavors: r-devel-linux-x86_64-debian-clang, r-devel-linux-x86_64-debian-gcc, r-devel-linux-x86_64-fedora-clang, r-devel-linux-x86_64-fedora-gcc, r-devel-windows-x86_64, r-patched-linux-x86_64, r-release-linux-x86_64, r-release-macos-arm64, r-release-macos-x86_64, r-release-windows-x86_64
Version: 0.0.1
Check: dependencies in R code
Result: NOTE
Namespace in Imports field not imported from: ‘stringi’
All declared Imports should be used.
Flavors: r-devel-linux-x86_64-fedora-clang, r-devel-linux-x86_64-fedora-gcc, r-oldrel-macos-arm64