Last updated on 2023-10-01 17:56:34 CEST.
Flavor | Version | Tinstall | Tcheck | Ttotal | Status | Flags |
---|---|---|---|---|---|---|
r-devel-linux-x86_64-debian-clang | 1.0 | 14.99 | 126.08 | 141.07 | NOTE | |
r-devel-linux-x86_64-debian-gcc | 1.0 | 9.31 | 95.06 | 104.37 | NOTE | |
r-devel-linux-x86_64-fedora-clang | 1.0 | 166.76 | NOTE | |||
r-devel-linux-x86_64-fedora-gcc | 1.0 | 188.13 | NOTE | |||
r-devel-windows-x86_64 | 1.0 | 13.00 | 133.00 | 146.00 | NOTE | |
r-patched-linux-x86_64 | 1.0 | 8.32 | 120.27 | 128.59 | OK | |
r-release-linux-x86_64 | 1.0 | 8.49 | 120.85 | 129.34 | OK | |
r-release-macos-arm64 | 1.0 | 61.00 | OK | |||
r-release-macos-x86_64 | 1.0 | 98.00 | OK | |||
r-release-windows-x86_64 | 1.0 | 16.00 | 147.00 | 163.00 | OK | |
r-oldrel-macos-arm64 | 1.0 | 53.00 | OK | |||
r-oldrel-macos-x86_64 | 1.0 | 71.00 | OK | |||
r-oldrel-windows-x86_64 | 1.0 | 16.00 | 147.00 | 163.00 | OK |
Version: 1.0
Check: Rd \usage sections
Result: NOTE
Documented arguments not in \usage in documentation object 'get.V':
‘ct.lst’
Functions with \usage entries need to have the appropriate \alias
entries, and all their arguments documented.
The \usage entries must correspond to syntactically valid R code.
See chapter ‘Writing R documentation files’ in the ‘Writing R
Extensions’ manual.
Flavors: r-devel-linux-x86_64-debian-clang, r-devel-linux-x86_64-debian-gcc, r-devel-linux-x86_64-fedora-clang, r-devel-linux-x86_64-fedora-gcc, r-devel-windows-x86_64