Last updated on 2023-05-27 23:57:28 CEST.
Flavor | Version | Tinstall | Tcheck | Ttotal | Status | Flags |
---|---|---|---|---|---|---|
r-devel-linux-x86_64-debian-clang | 1.1.1 | 12.84 | 157.74 | 170.58 | OK | |
r-devel-linux-x86_64-debian-gcc | 1.1.1 | 11.35 | 117.48 | 128.83 | OK | |
r-devel-linux-x86_64-fedora-clang | 1.1.1 | 224.86 | OK | |||
r-devel-linux-x86_64-fedora-gcc | 1.1.1 | 217.79 | OK | |||
r-devel-windows-x86_64 | 1.1.1 | 13.00 | 141.00 | 154.00 | OK | |
r-release-macos-arm64 | 1.1.0 | 59.00 | OK | |||
r-release-macos-x86_64 | 1.1.0 | 101.00 | OK | |||
r-release-windows-x86_64 | 1.1.1 | 17.00 | 177.00 | 194.00 | OK | |
r-oldrel-macos-arm64 | 1.1.0 | 6.00 | ERROR | |||
r-oldrel-macos-x86_64 | 1.1.1 | 11.00 | ERROR | |||
r-oldrel-windows-x86_64 | 1.1.1 | 16.00 | 192.00 | 208.00 | OK |
Version: 1.1.0
Check: package dependencies
Result: ERROR
Package required and available but unsuitable version: ‘ggtree’
See section ‘The DESCRIPTION file’ in the ‘Writing R Extensions’
manual.
Flavor: r-oldrel-macos-arm64
Version: 1.1.1
Check: package dependencies
Result: ERROR
Package required and available but unsuitable version: ‘ggtree’
See section ‘The DESCRIPTION file’ in the ‘Writing R Extensions’
manual.
Flavor: r-oldrel-macos-x86_64