CRAN Package Check Results for Package ReviewR

Last updated on 2022-01-22 11:51:10 CET.

Flavor Version Tinstall Tcheck Ttotal Status Flags
r-devel-linux-x86_64-debian-clang 2.3.7 23.22 142.61 165.83 OK
r-devel-linux-x86_64-debian-gcc 2.3.7 18.69 109.65 128.34 OK
r-devel-linux-x86_64-fedora-clang 2.3.7 202.75 NOTE
r-devel-linux-x86_64-fedora-gcc 2.3.7 194.85 NOTE
r-devel-windows-x86_64-new-UL 2.3.7 81.00 216.00 297.00 OK
r-devel-windows-x86_64-new-TK 2.3.7 NOTE
r-patched-linux-x86_64 2.3.7 18.03 145.86 163.89 OK
r-release-linux-x86_64 2.3.7 17.23 145.06 162.29 OK
r-release-macos-arm64 2.3.7 NOTE
r-release-macos-x86_64 2.3.7 NOTE
r-release-windows-ix86+x86_64 2.3.7 43.00 169.00 212.00 OK
r-oldrel-macos-x86_64 2.3.7 NOTE
r-oldrel-windows-ix86+x86_64 2.3.7 49.00 174.00 223.00 OK

Check Details

Version: 2.3.7
Check: package dependencies
Result: NOTE
    Imports includes 30 non-default packages.
    Importing from so many packages makes the package vulnerable to any of
    them becoming unavailable. Move as many as possible to Suggests and
    use conditionally.
Flavor: r-devel-linux-x86_64-fedora-clang

Version: 2.3.7
Check: dependencies in R code
Result: NOTE
    Namespace in Imports field not imported from: ‘pkgload’
     All declared Imports should be used.
Flavors: r-devel-linux-x86_64-fedora-clang, r-devel-linux-x86_64-fedora-gcc, r-devel-windows-x86_64-new-TK, r-release-macos-arm64, r-release-macos-x86_64, r-oldrel-macos-x86_64

Version: 2.3.7
Check: data for non-ASCII characters
Result: NOTE
     Note: found 26 marked UTF-8 strings
Flavors: r-devel-linux-x86_64-fedora-clang, r-devel-linux-x86_64-fedora-gcc, r-devel-windows-x86_64-new-TK, r-release-macos-arm64, r-release-macos-x86_64, r-oldrel-macos-x86_64