Last updated on 2023-06-06 01:03:38 CEST.
Flavor | Version | Tinstall | Tcheck | Ttotal | Status | Flags |
---|---|---|---|---|---|---|
r-devel-linux-x86_64-debian-clang | 1.0.0 | 4.52 | 37.11 | 41.63 | NOTE | |
r-devel-linux-x86_64-debian-gcc | 1.0.0 | 4.22 | 29.00 | 33.22 | OK | |
r-devel-linux-x86_64-fedora-clang | 1.0.0 | 52.35 | OK | |||
r-devel-linux-x86_64-fedora-gcc | 1.0.0 | 50.03 | OK | |||
r-devel-windows-x86_64 | 1.0.0 | 5.00 | 53.00 | 58.00 | OK | |
r-patched-linux-x86_64 | 1.0.0 | 4.39 | 36.21 | 40.60 | OK | |
r-release-linux-x86_64 | 1.0.0 | 4.27 | 35.98 | 40.25 | OK | |
r-release-macos-arm64 | 1.0.0 | 20.00 | NOTE | |||
r-release-macos-x86_64 | 1.0.0 | 29.00 | OK | |||
r-release-windows-x86_64 | 1.0.0 | 7.00 | 55.00 | 62.00 | OK | |
r-oldrel-macos-arm64 | 1.0.0 | 16.00 | NOTE | |||
r-oldrel-macos-x86_64 | 1.0.0 | 35.00 | NOTE | |||
r-oldrel-windows-x86_64 | 1.0.0 | 7.00 | 57.00 | 64.00 | OK |
Version: 1.0.0
Check: package dependencies
Result: NOTE
Package suggested but not available for checking: ‘RevGadgets’
Flavors: r-devel-linux-x86_64-debian-clang, r-release-macos-arm64, r-oldrel-macos-arm64, r-oldrel-macos-x86_64