Last updated on 2023-03-23 17:52:26 CET.
Flavor | Version | Tinstall | Tcheck | Ttotal | Status | Flags |
---|---|---|---|---|---|---|
r-devel-linux-x86_64-debian-clang | 0.24.2 | 4.40 | 36.19 | 40.59 | NOTE | |
r-devel-linux-x86_64-debian-gcc | 0.24.2 | 3.61 | 28.02 | 31.63 | NOTE | |
r-devel-linux-x86_64-fedora-clang | 0.24.2 | 51.91 | NOTE | |||
r-devel-linux-x86_64-fedora-gcc | 0.24.2 | 52.22 | NOTE | |||
r-devel-windows-x86_64 | 0.24.2 | 37.00 | 72.00 | 109.00 | NOTE | |
r-patched-linux-x86_64 | 0.24.2 | 5.00 | 35.02 | 40.02 | OK | |
r-release-linux-x86_64 | 0.24.2 | 4.17 | 35.81 | 39.98 | OK | |
r-release-macos-arm64 | 0.24.2 | 23.00 | OK | |||
r-release-macos-x86_64 | 0.24.2 | 28.00 | OK | |||
r-release-windows-x86_64 | 0.24.2 | 41.00 | 139.00 | 180.00 | OK | |
r-oldrel-macos-arm64 | 0.24.2 | 27.00 | OK | |||
r-oldrel-macos-x86_64 | 0.24.2 | 38.00 | OK | |||
r-oldrel-windows-ix86+x86_64 | 0.24.2 | 13.00 | 77.00 | 90.00 | OK |
Version: 0.24.2
Check: Rd files
Result: NOTE
checkRd: (-1) CardioRiskFactors.Rd:35: Escaped LaTeX specials: \&
Flavors: r-devel-linux-x86_64-debian-clang, r-devel-linux-x86_64-debian-gcc, r-devel-linux-x86_64-fedora-clang, r-devel-linux-x86_64-fedora-gcc, r-devel-windows-x86_64