CRAN Package Check Results for Package Rforestry

Last updated on 2022-01-22 11:51:10 CET.

Flavor Version Tinstall Tcheck Ttotal Status Flags
r-devel-linux-x86_64-debian-clang 0.9.0.57 140.87 199.37 340.24 OK
r-devel-linux-x86_64-debian-gcc 0.9.0.72 102.02 205.24 307.26 OK
r-devel-linux-x86_64-fedora-clang 0.9.0.72 540.16 NOTE
r-devel-linux-x86_64-fedora-gcc 0.9.0.72 456.38 OK
r-devel-windows-x86_64-new-UL 0.9.0.72 148.00 254.00 402.00 OK
r-devel-windows-x86_64-new-TK 0.9.0.57 OK
r-patched-linux-x86_64 0.9.0.72 120.65 263.08 383.73 OK
r-release-linux-x86_64 0.9.0.57 116.48 192.48 308.96 OK
r-release-macos-arm64 0.9.0.57 NOTE
r-release-macos-x86_64 0.9.0.57 NOTE
r-release-windows-ix86+x86_64 0.9.0.72 321.00 372.00 693.00 OK
r-oldrel-macos-x86_64 0.9.0.57 NOTE
r-oldrel-windows-ix86+x86_64 0.9.0.72 322.00 395.00 717.00 OK

Check Details

Version: 0.9.0.72
Check: installed package size
Result: NOTE
     installed size is 7.4Mb
     sub-directories of 1Mb or more:
     libs 7.1Mb
Flavor: r-devel-linux-x86_64-fedora-clang

Version: 0.9.0.57
Check: installed package size
Result: NOTE
     installed size is 10.4Mb
     sub-directories of 1Mb or more:
     libs 10.1Mb
Flavors: r-release-macos-arm64, r-release-macos-x86_64, r-oldrel-macos-x86_64