CRAN Package Check Results for Package Rgb

Last updated on 2024-02-28 17:48:38 CET.

Flavor Version Tinstall Tcheck Ttotal Status Flags
r-devel-linux-x86_64-debian-clang 1.7.5 10.17 85.79 95.96 NOTE
r-devel-linux-x86_64-debian-gcc 1.7.5 9.82 63.20 73.02 NOTE
r-devel-linux-x86_64-fedora-clang 1.7.5 127.52 NOTE
r-devel-linux-x86_64-fedora-gcc 1.7.5 135.34 NOTE
r-devel-windows-x86_64 1.7.5 11.00 94.00 105.00 OK
r-patched-linux-x86_64 1.7.5 13.65 82.49 96.14 OK
r-release-linux-x86_64 1.7.5 12.38 82.85 95.23 OK
r-release-macos-arm64 1.7.5 47.00 OK
r-release-macos-x86_64 1.7.5 101.00 OK
r-release-windows-x86_64 1.7.5 12.00 102.00 114.00 OK
r-oldrel-macos-arm64 1.7.5 40.00 OK
r-oldrel-windows-x86_64 1.7.5 18.00 103.00 121.00 OK

Check Details

Version: 1.7.5
Check: Rd files
Result: NOTE checkRd: (-1) tk.browse.Rd:29: Lost braces 29 | Single logical value, whether to wait for the interface window to be closed before unfreezing the R console. The \code{FALSE} default let you use R and the interface in parallel (see the 'Typing R commands while browsing' section below), the code{TRUE} value is used essentially in the stand alone version. | ^ checkRd: (-1) tk.convert.Rd:17: Lost braces 17 | Single logical value, whether to wait for the interface window to be closed before unfreezing the R console. The \code{FALSE} default let you use R and the interface in parallel, the code{TRUE} is used essentially in the stand alone version. | ^ checkRd: (-1) tk.tracks.Rd:8: Lost braces 8 | This function allows to load and edit the \code{\linkS4class{drawable.list}} object that is to be passed to \code{\link{tk.browse}} and code{\link{browsePlot}}, using a Tcl-tk interface | ^ Flavors: r-devel-linux-x86_64-debian-clang, r-devel-linux-x86_64-debian-gcc, r-devel-linux-x86_64-fedora-clang, r-devel-linux-x86_64-fedora-gcc