Last updated on 2024-08-16 11:49:49 CEST.
Flavor | Version | Tinstall | Tcheck | Ttotal | Status | Flags |
---|---|---|---|---|---|---|
r-devel-linux-x86_64-debian-clang | 1.7.5 | 10.14 | 66.95 | 77.09 | NOTE | |
r-devel-linux-x86_64-debian-gcc | 1.7.5 | 6.78 | 44.69 | 51.47 | NOTE | |
r-devel-linux-x86_64-fedora-clang | 1.7.5 | 125.61 | NOTE | |||
r-devel-linux-x86_64-fedora-gcc | 1.7.5 | 137.96 | NOTE | |||
r-devel-windows-x86_64 | 1.7.5 | 12.00 | 94.00 | 106.00 | NOTE | |
r-patched-linux-x86_64 | 1.7.5 | 10.98 | 62.61 | 73.59 | NOTE | |
r-release-linux-x86_64 | 1.7.5 | 10.00 | 63.11 | 73.11 | NOTE | |
r-release-macos-arm64 | 1.7.5 | 37.00 | NOTE | |||
r-release-macos-x86_64 | 1.7.5 | 65.00 | NOTE | |||
r-release-windows-x86_64 | 1.7.5 | 13.00 | 95.00 | 108.00 | NOTE | |
r-oldrel-macos-arm64 | 1.7.5 | 47.00 | OK | |||
r-oldrel-macos-x86_64 | 1.7.5 | 101.00 | OK | |||
r-oldrel-windows-x86_64 | 1.7.5 | 15.00 | 104.00 | 119.00 | OK |
Version: 1.7.5
Check: Rd files
Result: NOTE
checkRd: (-1) tk.browse.Rd:29: Lost braces
29 | Single logical value, whether to wait for the interface window to be closed before unfreezing the R console. The \code{FALSE} default let you use R and the interface in parallel (see the 'Typing R commands while browsing' section below), the code{TRUE} value is used essentially in the stand alone version.
| ^
checkRd: (-1) tk.convert.Rd:17: Lost braces
17 | Single logical value, whether to wait for the interface window to be closed before unfreezing the R console. The \code{FALSE} default let you use R and the interface in parallel, the code{TRUE} is used essentially in the stand alone version.
| ^
checkRd: (-1) tk.tracks.Rd:8: Lost braces
8 | This function allows to load and edit the \code{\linkS4class{drawable.list}} object that is to be passed to \code{\link{tk.browse}} and code{\link{browsePlot}}, using a Tcl-tk interface
| ^
Flavors: r-devel-linux-x86_64-debian-clang, r-devel-linux-x86_64-debian-gcc, r-devel-linux-x86_64-fedora-clang, r-devel-linux-x86_64-fedora-gcc, r-devel-windows-x86_64, r-patched-linux-x86_64, r-release-linux-x86_64, r-release-macos-arm64, r-release-macos-x86_64, r-release-windows-x86_64