CRAN Package Check Results for Package Riemann

Last updated on 2021-10-16 05:51:34 CEST.

Flavor Version Tinstall Tcheck Ttotal Status Flags
r-devel-linux-x86_64-debian-clang 0.1.3 293.33 220.27 513.60 OK
r-devel-linux-x86_64-debian-gcc 0.1.3 222.32 169.26 391.58 OK
r-devel-linux-x86_64-fedora-clang 0.1.3 761.54 NOTE
r-devel-linux-x86_64-fedora-gcc 0.1.3 680.89 NOTE
r-devel-windows-x86_64 0.1.3 336.00 230.00 566.00 OK
r-devel-windows-x86_64-gcc10-UCRT 0.1.3 NOTE
r-patched-linux-x86_64 0.1.3 263.54 207.85 471.39 OK
r-patched-solaris-x86 0.1.3 614.30 NOTE
r-release-linux-x86_64 0.1.3 262.57 206.54 469.11 OK
r-release-macos-arm64 0.1.3 NOTE
r-release-macos-x86_64 0.1.3 NOTE
r-release-windows-ix86+x86_64 0.1.3 736.00 399.00 1135.00 NOTE
r-oldrel-macos-x86_64 0.1.3 NOTE
r-oldrel-windows-ix86+x86_64 0.1.3 731.00 391.00 1122.00 NOTE

Check Details

Version: 0.1.3
Check: installed package size
Result: NOTE
     installed size is 16.9Mb
     sub-directories of 1Mb or more:
     libs 15.2Mb
Flavors: r-devel-linux-x86_64-fedora-clang, r-release-macos-arm64, r-release-macos-x86_64, r-release-windows-ix86+x86_64, r-oldrel-macos-x86_64, r-oldrel-windows-ix86+x86_64

Version: 0.1.3
Check: dependencies in R code
Result: NOTE
    Namespace in Imports field not imported from: ‘ggrepel’
     All declared Imports should be used.
Flavors: r-devel-linux-x86_64-fedora-clang, r-devel-linux-x86_64-fedora-gcc, r-devel-windows-x86_64-gcc10-UCRT, r-patched-solaris-x86, r-release-macos-arm64, r-release-macos-x86_64, r-oldrel-macos-x86_64

Version: 0.1.3
Check: Rd cross-references
Result: NOTE
    Undeclared packages ‘dtw’, ‘fastcluster’, ‘Rtsne’ in Rd xrefs
Flavor: r-devel-linux-x86_64-fedora-clang