CRAN Package Check Results for Package Rinstapkg

Last updated on 2020-12-01 00:46:53 CET.

Flavor Version Tinstall Tcheck Ttotal Status Flags
r-devel-linux-x86_64-debian-clang 0.1.0 8.23 54.35 62.58 OK
r-devel-linux-x86_64-debian-gcc 0.1.0 6.38 41.39 47.77 OK
r-devel-linux-x86_64-fedora-clang 0.1.0 77.39 NOTE
r-devel-linux-x86_64-fedora-gcc 0.1.0 73.50 NOTE
r-devel-windows-ix86+x86_64 0.1.0 14.00 73.00 87.00 OK
r-patched-linux-x86_64 0.1.0 7.53 51.29 58.82 OK
r-patched-solaris-x86 0.1.0 96.30 NOTE
r-release-linux-x86_64 0.1.0 6.15 49.85 56.00 OK
r-release-macos-x86_64 0.1.0 NOTE
r-release-windows-ix86+x86_64 0.1.0 12.00 54.00 66.00 OK
r-oldrel-macos-x86_64 0.1.0 NOTE
r-oldrel-windows-ix86+x86_64 0.1.0 11.00 72.00 83.00 OK

Check Details

Version: 0.1.0
Check: dependencies in R code
Result: NOTE
    Namespaces in Imports field not imported from:
     ‘methods’ ‘readr’
     All declared Imports should be used.
Flavors: r-devel-linux-x86_64-fedora-clang, r-devel-linux-x86_64-fedora-gcc, r-patched-solaris-x86, r-release-macos-x86_64, r-oldrel-macos-x86_64