CRAN Package Check Results for Package RiskPortfolios

Last updated on 2024-06-22 11:49:25 CEST.

Flavor Version Tinstall Tcheck Ttotal Status Flags
r-devel-linux-x86_64-debian-clang 2.1.7 2.59 46.47 49.06 OK
r-devel-linux-x86_64-debian-gcc 2.1.7 2.74 33.11 35.85 OK
r-devel-linux-x86_64-fedora-clang 2.1.7 64.67 NOTE
r-devel-linux-x86_64-fedora-gcc 2.1.7 61.06 NOTE
r-devel-windows-x86_64 2.1.7 4.00 52.00 56.00 OK
r-patched-linux-x86_64 2.1.7 2.31 44.06 46.37 OK
r-release-linux-x86_64 2.1.7 2.03 44.71 46.74 OK
r-release-macos-arm64 2.1.7 21.00 OK
r-release-macos-x86_64 2.1.7 34.00 OK
r-release-windows-x86_64 2.1.7 4.00 52.00 56.00 OK
r-oldrel-macos-arm64 2.1.7 27.00 OK
r-oldrel-macos-x86_64 2.1.7 30.00 OK
r-oldrel-windows-x86_64 2.1.7 4.00 63.00 67.00 OK

Check Details

Version: 2.1.7
Check: dependencies in R code
Result: NOTE Namespace in Imports field not imported from: ‘MASS’ All declared Imports should be used. Flavors: r-devel-linux-x86_64-fedora-clang, r-devel-linux-x86_64-fedora-gcc