CRAN Package Check Results for Package RiskPortfolios

Last updated on 2019-03-20 23:52:29 CET.

Flavor Version Tinstall Tcheck Ttotal Status Flags
r-devel-linux-x86_64-debian-clang 2.1.2 2.59 38.70 41.29 OK
r-devel-linux-x86_64-debian-gcc 2.1.2 2.23 28.11 30.34 OK
r-devel-linux-x86_64-fedora-clang 2.1.2 48.00 NOTE
r-devel-linux-x86_64-fedora-gcc 2.1.2 44.98 NOTE
r-devel-windows-ix86+x86_64 2.1.2 10.00 66.00 76.00 OK
r-patched-linux-x86_64 2.1.2 2.19 34.70 36.89 OK
r-patched-solaris-x86 2.1.2 61.00 NOTE
r-release-linux-x86_64 2.1.2 2.13 35.07 37.20 OK
r-release-windows-ix86+x86_64 2.1.2 7.00 69.00 76.00 OK
r-release-osx-x86_64 2.1.2 NOTE
r-oldrel-windows-ix86+x86_64 2.1.2 2.00 67.00 69.00 OK
r-oldrel-osx-x86_64 2.1.2 NOTE

Check Details

Version: 2.1.2
Check: dependencies in R code
Result: NOTE
    Namespace in Imports field not imported from: ‘MASS’
     All declared Imports should be used.
Flavors: r-devel-linux-x86_64-fedora-clang, r-devel-linux-x86_64-fedora-gcc, r-patched-solaris-x86, r-release-osx-x86_64, r-oldrel-osx-x86_64