CRAN Package Check Results for Package RiskPortfolios

Last updated on 2019-05-20 22:53:49 CEST.

Flavor Version Tinstall Tcheck Ttotal Status Flags
r-devel-linux-x86_64-debian-clang 2.1.2 2.41 38.18 40.59 OK
r-devel-linux-x86_64-debian-gcc 2.1.2 2.26 28.59 30.85 OK
r-devel-linux-x86_64-fedora-clang 2.1.2 46.57 NOTE
r-devel-linux-x86_64-fedora-gcc 2.1.2 44.91 NOTE
r-devel-windows-ix86+x86_64 2.1.2 8.00 67.00 75.00 OK
r-patched-linux-x86_64 2.1.2 2.93 37.59 40.52 OK
r-patched-solaris-x86 2.1.2 70.20 NOTE
r-release-linux-x86_64 2.1.2 2.67 37.03 39.70 OK
r-release-windows-ix86+x86_64 2.1.2 5.00 69.00 74.00 OK
r-release-osx-x86_64 2.1.2 NOTE
r-oldrel-windows-ix86+x86_64 2.1.2 4.00 49.00 53.00 OK
r-oldrel-osx-x86_64 2.1.2 NOTE

Check Details

Version: 2.1.2
Check: dependencies in R code
Result: NOTE
    Namespace in Imports field not imported from: ‘MASS’
     All declared Imports should be used.
Flavors: r-devel-linux-x86_64-fedora-clang, r-devel-linux-x86_64-fedora-gcc, r-patched-solaris-x86, r-release-osx-x86_64, r-oldrel-osx-x86_64