CRAN Package Check Results for Package Rlinsolve

Last updated on 2019-03-23 17:48:17 CET.

Flavor Version Tinstall Tcheck Ttotal Status Flags
r-devel-linux-x86_64-debian-clang 0.3.0 257.60 62.78 320.38 WARN
r-devel-linux-x86_64-debian-gcc 0.3.0 188.34 49.84 238.18 NOTE
r-devel-linux-x86_64-fedora-clang 0.3.0 473.49 NOTE
r-devel-linux-x86_64-fedora-gcc 0.3.0 397.59 NOTE
r-devel-windows-ix86+x86_64 0.3.0 627.00 139.00 766.00 OK
r-patched-linux-x86_64 0.3.0 218.53 57.22 275.75 OK
r-patched-solaris-x86 0.3.0 354.80 NOTE
r-release-linux-x86_64 0.3.0 0.32 2.17 2.49 ERROR
r-release-windows-ix86+x86_64 0.3.0 474.00 116.00 590.00 OK
r-release-osx-x86_64 0.3.0 NOTE
r-oldrel-windows-ix86+x86_64 0.3.0 569.00 133.00 702.00 OK
r-oldrel-osx-x86_64 0.3.0 NOTE

Check Details

Version: 0.3.0
Check: whether package can be installed
Result: WARN
    Found the following significant warnings:
     Warning: unable to re-encode 'aux_FISCH.R' line 18
Flavor: r-devel-linux-x86_64-debian-clang

Version: 0.3.0
Check: use of SHLIB_OPENMP_*FLAGS in Makefiles
Result: NOTE
     src/Makevars: SHLIB_OPENMP_CXXFLAGS is included in PKG_CXXFLAGS but not in PKG_LIBS
     src/Makevars: SHLIB_OPENMP_CFLAGS is included in PKG_LIBS but linking is by C++
     src/Makevars.win: SHLIB_OPENMP_CXXFLAGS is included in PKG_CXXFLAGS but not in PKG_LIBS
     src/Makevars.win: SHLIB_OPENMP_CFLAGS is included in PKG_LIBS but linking is by C++
    Use of these macros is discussed in sect 1.2.1.1 of 'Writing R
    Extensions'. The macros for different languages may differ so the
    matching macro must be used in PKG_CXXFLAGS (etc) and match that used
    in PKG_LIBS (except for Fortran: see the manual).
Flavors: r-devel-linux-x86_64-debian-clang, r-devel-linux-x86_64-debian-gcc, r-devel-linux-x86_64-fedora-clang, r-devel-linux-x86_64-fedora-gcc

Version: 0.3.0
Check: installed package size
Result: NOTE
     installed size is 20.1Mb
     sub-directories of 1Mb or more:
     libs 19.9Mb
Flavors: r-devel-linux-x86_64-fedora-clang, r-release-osx-x86_64, r-oldrel-osx-x86_64

Version: 0.3.0
Check: dependencies in R code
Result: NOTE
    Namespace in Imports field not imported from: ‘Rdpack’
     All declared Imports should be used.
Flavors: r-devel-linux-x86_64-fedora-clang, r-devel-linux-x86_64-fedora-gcc, r-patched-solaris-x86, r-release-osx-x86_64, r-oldrel-osx-x86_64

Version: 0.3.0
Check: whether package can be installed
Result: ERROR
    Installation failed.
Flavor: r-release-linux-x86_64