CRAN Package Check Results for Package RmecabKo

Last updated on 2019-05-19 17:57:44 CEST.

Flavor Version Tinstall Tcheck Ttotal Status Flags
r-devel-linux-x86_64-debian-clang 0.1.6.2 25.49 23.89 49.38 OK
r-devel-linux-x86_64-debian-gcc 0.1.6.2 24.04 19.09 43.13 OK
r-devel-linux-x86_64-fedora-clang 0.1.6.2 76.23 OK
r-devel-linux-x86_64-fedora-gcc 0.1.6.2 69.24 OK
r-devel-windows-ix86+x86_64 0.1.6.2 69.00 74.00 143.00 OK
r-patched-linux-x86_64 0.1.6.2 29.69 23.55 53.24 OK
r-release-linux-x86_64 0.1.6.2 29.90 23.62 53.52 OK
r-release-windows-ix86+x86_64 0.1.6.2 76.00 79.00 155.00 OK
r-release-osx-x86_64 0.1.6.2 ERROR
r-oldrel-windows-ix86+x86_64 0.1.6.2 75.00 72.00 147.00 OK
r-oldrel-osx-x86_64 0.1.6.2 ERROR

Check Details

Version: 0.1.6.2
Check: whether package can be installed
Result: ERROR
    Installation failed.
Flavors: r-release-osx-x86_64, r-oldrel-osx-x86_64