CRAN Package Check Results for Package Rmosek

Last updated on 2019-03-26 11:54:46 CET.

Flavor Version Tinstall Tcheck Ttotal Status Flags
r-devel-linux-x86_64-debian-clang 1.3.3 1.82 16.29 18.11 NOTE --no-examples --no-tests --no-vignettes
r-devel-linux-x86_64-debian-gcc 1.3.3 1.23 13.33 14.56 NOTE --no-examples --no-tests --no-vignettes
r-devel-linux-x86_64-fedora-clang 1.3.3 23.94 OK
r-devel-linux-x86_64-fedora-gcc 1.3.3 22.95 OK
r-devel-windows-ix86+x86_64 1.3.3 6.00 30.00 36.00 OK
r-patched-linux-x86_64 1.3.3 1.02 15.03 16.05 NOTE --no-examples --no-tests --no-vignettes
r-release-linux-x86_64 1.3.3 1.01 15.26 16.27 NOTE --no-examples --no-tests --no-vignettes
r-release-windows-ix86+x86_64 1.3.3 3.00 39.00 42.00 OK
r-release-osx-x86_64 1.3.3 OK
r-oldrel-windows-ix86+x86_64 1.3.3 2.00 27.00 29.00 OK
r-oldrel-osx-x86_64 1.3.3 OK

Check Details

Version: 1.3.3
Flags: --no-examples --no-tests --no-vignettes
Check: R code for possible problems
Result: NOTE
    Found the following calls to attach():
    File 'Rmosek/R/builder.R':
     attach(builderenv, pos, name, warn.conflicts)
    See section 'Good practice' in '?attach'.
Flavors: r-devel-linux-x86_64-debian-clang, r-devel-linux-x86_64-debian-gcc, r-patched-linux-x86_64, r-release-linux-x86_64