CRAN Package Check Results for Package Rmpi

Last updated on 2024-02-29 18:20:32 CET.

Flavor Version Tinstall Tcheck Ttotal Status Flags
r-devel-linux-x86_64-debian-clang 0.7-2 7.94 44.61 52.55 OK
r-devel-linux-x86_64-debian-gcc 0.7-2 6.57 35.13 41.70 OK
r-devel-linux-x86_64-fedora-clang 0.7-2 76.01 OK
r-devel-linux-x86_64-fedora-gcc 0.7-2 72.01 OK
r-devel-windows-x86_64 0.7-2 56.00 61.00 117.00 OK
r-patched-linux-x86_64 0.7-2 9.14 43.85 52.99 OK
r-release-linux-x86_64 0.7-2 7.51 43.81 51.32 OK
r-release-macos-x86_64 0.7-2 28.00 ERROR
r-release-windows-x86_64 0.7-2 57.00 70.00 127.00 OK
r-oldrel-macos-arm64 0.6-9.2 10.00 ERROR
r-oldrel-windows-x86_64 0.7-2 61.00 70.00 131.00 OK

Check Details

Version: 0.7-2
Check: whether package can be installed
Result: ERROR Installation failed. Flavor: r-release-macos-x86_64

Version: 0.6-9.2
Check: whether package can be installed
Result: ERROR Installation failed. Flavor: r-oldrel-macos-arm64