CRAN Package Check Results for Package Rnightlights

Last updated on 2019-09-19 11:47:07 CEST.

Flavor Version Tinstall Tcheck Ttotal Status Flags
r-devel-linux-x86_64-debian-clang 0.2.4 9.88 70.86 80.74 OK
r-devel-linux-x86_64-debian-gcc 0.2.4 7.27 56.20 63.47 OK
r-devel-linux-x86_64-fedora-clang 0.2.4 97.92 NOTE
r-devel-linux-x86_64-fedora-gcc 0.2.4 95.38 NOTE
r-devel-windows-ix86+x86_64 0.2.4 32.00 160.00 192.00 OK
r-patched-linux-x86_64 0.2.4 9.11 70.08 79.19 OK
r-patched-solaris-x86 0.2.4 132.50 NOTE
r-release-linux-x86_64 0.2.4 7.86 70.96 78.82 OK
r-release-windows-ix86+x86_64 0.2.4 15.00 117.00 132.00 OK
r-release-osx-x86_64 0.2.4 NOTE
r-oldrel-windows-ix86+x86_64 0.2.4 10.00 93.00 103.00 OK
r-oldrel-osx-x86_64 0.2.4 NOTE

Check Details

Version: 0.2.4
Check: dependencies in R code
Result: NOTE
    Namespace in Imports field not imported from: ‘curl’
     All declared Imports should be used.
Flavors: r-devel-linux-x86_64-fedora-clang, r-devel-linux-x86_64-fedora-gcc, r-patched-solaris-x86

Version: 0.2.4
Check: dependencies in R code
Result: NOTE
    No protocol specified
    No protocol specified
    Namespace in Imports field not imported from: ‘curl’
     All declared Imports should be used.
Flavors: r-release-osx-x86_64, r-oldrel-osx-x86_64