CRAN Package Check Results for Package Rnightlights

Last updated on 2019-05-22 11:51:55 CEST.

Flavor Version Tinstall Tcheck Ttotal Status Flags
r-devel-linux-x86_64-debian-clang 0.2.3 13.33 116.93 130.26 OK
r-devel-linux-x86_64-debian-gcc 0.2.3 11.48 91.10 102.58 OK
r-devel-linux-x86_64-fedora-clang 0.2.3 153.98 OK
r-devel-linux-x86_64-fedora-gcc 0.2.3 150.55 OK
r-devel-windows-ix86+x86_64 0.2.3 28.00 194.00 222.00 OK
r-patched-linux-x86_64 0.2.3 15.69 116.93 132.62 OK
r-patched-solaris-x86 0.2.3 228.00 OK
r-release-linux-x86_64 0.2.3 13.52 116.72 130.24 OK
r-release-windows-ix86+x86_64 0.2.3 42.00 147.00 189.00 OK
r-release-osx-x86_64 0.2.3 FAIL
r-oldrel-windows-ix86+x86_64 0.2.3 17.00 124.00 141.00 OK
r-oldrel-osx-x86_64 0.2.3 OK

Check Details

Version: 0.2.3
Check: dependencies in R code
Result: FAIL
    
Flavor: r-release-osx-x86_64