CRAN Package Check Results for Package Rnmr1D

Last updated on 2020-10-28 11:49:57 CET.

Flavor Version Tinstall Tcheck Ttotal Status Flags
r-devel-linux-x86_64-debian-clang 1.2.5 40.71 157.50 198.21 OK
r-devel-linux-x86_64-debian-gcc 1.2.5 33.80 115.94 149.74 OK
r-devel-linux-x86_64-fedora-clang 1.2.5 252.52 NOTE
r-devel-linux-x86_64-fedora-gcc 1.2.5 247.76 NOTE
r-devel-windows-ix86+x86_64 1.2.5 85.00 338.00 423.00 OK
r-patched-linux-x86_64 1.2.5 OK
r-patched-solaris-x86 1.2.5 541.60 NOTE
r-release-linux-x86_64 1.2.5 32.42 143.69 176.11 OK
r-release-macos-x86_64 1.2.5 NOTE
r-release-windows-ix86+x86_64 1.2.5 60.00 282.00 342.00 OK
r-oldrel-macos-x86_64 1.2.5 WARN
r-oldrel-windows-ix86+x86_64 1.2.5 77.00 327.00 404.00 OK

Check Details

Version: 1.2.5
Check: dependencies in R code
Result: NOTE
    Namespace in Imports field not imported from: ‘impute’
     All declared Imports should be used.
Flavors: r-devel-linux-x86_64-fedora-clang, r-devel-linux-x86_64-fedora-gcc, r-patched-solaris-x86, r-release-macos-x86_64, r-oldrel-macos-x86_64

Version: 1.2.5
Check: for executable files
Result: WARN
    Found the following executable files:
     inst/extra/CD_BBI_16P02/CD_BBI_16P02-R1/10/fid
     inst/extra/CD_BBI_16P02/CD_BBI_16P02-R2/10/fid
     inst/extra/CD_BBI_16P02/CD_BBI_16P02-R3/10/fid
     inst/extra/CD_BBI_16P02/CD_BBI_16P02-R8/10/fid
    Source packages should not contain undeclared executable files.
    See section ‘Package structure’ in the ‘Writing R Extensions’ manual.
Flavor: r-oldrel-macos-x86_64