Last updated on 2024-08-31 23:49:14 CEST.
Flavor | Version | Tinstall | Tcheck | Ttotal | Status | Flags |
---|---|---|---|---|---|---|
r-devel-linux-x86_64-debian-clang | 1.0.2 | 242.73 | 78.96 | 321.69 | OK | |
r-devel-linux-x86_64-debian-gcc | 1.0.2 | 185.83 | 74.95 | 260.78 | OK | |
r-devel-linux-x86_64-fedora-clang | 1.0.2 | 600.25 | OK | |||
r-devel-linux-x86_64-fedora-gcc | 1.0.2 | 712.72 | OK | |||
r-devel-windows-x86_64 | 1.0.2 | 254.00 | 125.00 | 379.00 | OK | |
r-patched-linux-x86_64 | 1.0.2 | 254.85 | 99.42 | 354.27 | OK | |
r-release-linux-x86_64 | 1.0.2 | 252.34 | 99.08 | 351.42 | OK | |
r-release-macos-arm64 | 1.0.2 | 137.00 | NOTE | |||
r-release-macos-x86_64 | 1.0.2 | 128.00 | NOTE | |||
r-release-windows-x86_64 | 1.0.2 | 245.00 | 121.00 | 366.00 | OK | |
r-oldrel-macos-arm64 | 1.0.2 | 152.00 | NOTE | |||
r-oldrel-macos-x86_64 | 1.0.2 | 254.00 | NOTE | |||
r-oldrel-windows-x86_64 | 1.0.2 | 301.00 | 151.00 | 452.00 | OK |
Version: 1.0.2
Check: installed package size
Result: NOTE
installed size is 40.5Mb
sub-directories of 1Mb or more:
libs 40.3Mb
Flavors: r-release-macos-arm64, r-release-macos-x86_64, r-oldrel-macos-arm64, r-oldrel-macos-x86_64