CRAN Package Check Results for Package RobLox

Last updated on 2019-07-16 05:48:30 CEST.

Flavor Version Tinstall Tcheck Ttotal Status Flags
r-devel-linux-x86_64-debian-clang 1.2.0 16.59 153.68 170.27 OK
r-devel-linux-x86_64-debian-gcc 1.2.0 15.54 117.57 133.11 OK
r-devel-linux-x86_64-fedora-clang 1.2.0 198.16 OK
r-devel-linux-x86_64-fedora-gcc 1.2.0 199.16 OK
r-devel-windows-ix86+x86_64 1.2.0 43.00 152.00 195.00 OK
r-patched-linux-x86_64 1.2.0 16.18 152.02 168.20 OK
r-patched-solaris-x86 1.2.0 283.10 OK
r-release-linux-x86_64 1.2.0 18.51 150.74 169.25 OK
r-release-windows-ix86+x86_64 1.2.0 26.00 216.00 242.00 OK
r-release-osx-x86_64 1.2.0 ERROR
r-oldrel-windows-ix86+x86_64 1.2.0 30.00 153.00 183.00 OK
r-oldrel-osx-x86_64 1.2.0 OK

Check Details

Version: 1.2.0
Check: package dependencies
Result: ERROR
    Package required but not available: ‘Biobase’
    
    See section ‘The DESCRIPTION file’ in the ‘Writing R Extensions’
    manual.
Flavor: r-release-osx-x86_64