CRAN Package Check Results for Package RobMixReg

Last updated on 2021-01-22 11:50:25 CET.

Flavor Version Tinstall Tcheck Ttotal Status Flags
r-devel-linux-x86_64-debian-clang 1.1.0 10.95 89.76 100.71 OK
r-devel-linux-x86_64-debian-gcc 1.1.0 8.35 67.29 75.64 OK
r-devel-linux-x86_64-fedora-clang 1.1.0 133.52 NOTE
r-devel-linux-x86_64-fedora-gcc 1.1.0 118.09 NOTE
r-devel-windows-ix86+x86_64 1.1.0 24.00 109.00 133.00 OK
r-patched-linux-x86_64 1.1.0 9.98 82.88 92.86 OK
r-patched-solaris-x86 1.1.0 157.60 NOTE
r-release-linux-x86_64 1.1.0 10.58 83.06 93.64 OK
r-release-macos-x86_64 1.1.0 NOTE
r-release-windows-ix86+x86_64 1.1.0 23.00 115.00 138.00 OK
r-oldrel-macos-x86_64 1.1.0 NOTE
r-oldrel-windows-ix86+x86_64 1.1.0 14.00 75.00 89.00 OK

Check Details

Version: 1.1.0
Check: dependencies in R code
Result: NOTE
    Namespace in Imports field not imported from: ‘glmnet’
     All declared Imports should be used.
Flavors: r-devel-linux-x86_64-fedora-clang, r-devel-linux-x86_64-fedora-gcc, r-patched-solaris-x86, r-release-macos-x86_64, r-oldrel-macos-x86_64