CRAN Package Check Results for Package RobRSVD

Last updated on 2019-02-24 00:08:18 CET.

Flavor Version Tinstall Tcheck Ttotal Status Flags
r-devel-linux-x86_64-debian-clang 1.0 1.40 31.11 32.51 NOTE
r-devel-linux-x86_64-debian-gcc 1.0 1.09 24.59 25.68 NOTE
r-devel-linux-x86_64-fedora-clang 1.0 39.36 NOTE
r-devel-linux-x86_64-fedora-gcc 1.0 37.30 NOTE
r-devel-windows-ix86+x86_64 1.0 4.00 35.00 39.00 NOTE
r-patched-linux-x86_64 1.0 1.18 28.81 29.99 NOTE
r-patched-solaris-x86 1.0 56.20 NOTE
r-release-linux-x86_64 1.0 1.21 28.82 30.03 NOTE
r-release-windows-ix86+x86_64 1.0 2.00 37.00 39.00 NOTE
r-release-osx-x86_64 1.0 NOTE
r-oldrel-windows-ix86+x86_64 1.0 2.00 37.00 39.00 NOTE
r-oldrel-osx-x86_64 1.0 NOTE

Check Details

Version: 1.0
Check: R code for possible problems
Result: NOTE
    RobRSVD: no visible global function definition for ‘median’
    Undefined global functions or variables:
     median
    Consider adding
     importFrom("stats", "median")
    to your NAMESPACE file.
Flavors: r-devel-linux-x86_64-debian-clang, r-devel-linux-x86_64-debian-gcc, r-devel-linux-x86_64-fedora-clang, r-devel-linux-x86_64-fedora-gcc, r-devel-windows-ix86+x86_64, r-patched-linux-x86_64, r-patched-solaris-x86, r-release-linux-x86_64, r-release-windows-ix86+x86_64, r-release-osx-x86_64, r-oldrel-windows-ix86+x86_64, r-oldrel-osx-x86_64