CRAN Package Check Results for Package RobRSVD

Last updated on 2019-07-16 05:48:30 CEST.

Flavor Version Tinstall Tcheck Ttotal Status Flags
r-devel-linux-x86_64-debian-clang 1.0 1.89 30.26 32.15 NOTE
r-devel-linux-x86_64-debian-gcc 1.0 1.37 24.78 26.15 NOTE
r-devel-linux-x86_64-fedora-clang 1.0 38.62 NOTE
r-devel-linux-x86_64-fedora-gcc 1.0 38.12 NOTE
r-devel-windows-ix86+x86_64 1.0 5.00 37.00 42.00 NOTE
r-patched-linux-x86_64 1.0 1.84 30.01 31.85 NOTE
r-patched-solaris-x86 1.0 62.90 NOTE
r-release-linux-x86_64 1.0 1.47 29.48 30.95 NOTE
r-release-windows-ix86+x86_64 1.0 4.00 52.00 56.00 NOTE
r-release-osx-x86_64 1.0 NOTE
r-oldrel-windows-ix86+x86_64 1.0 2.00 37.00 39.00 NOTE
r-oldrel-osx-x86_64 1.0 NOTE

Check Details

Version: 1.0
Check: R code for possible problems
Result: NOTE
    RobRSVD: no visible global function definition for 'median'
    Undefined global functions or variables:
     median
    Consider adding
     importFrom("stats", "median")
    to your NAMESPACE file.
Flavors: r-devel-linux-x86_64-debian-clang, r-devel-linux-x86_64-debian-gcc, r-devel-linux-x86_64-fedora-clang, r-devel-linux-x86_64-fedora-gcc, r-devel-windows-ix86+x86_64, r-patched-linux-x86_64, r-patched-solaris-x86, r-release-linux-x86_64, r-release-windows-ix86+x86_64, r-release-osx-x86_64, r-oldrel-windows-ix86+x86_64, r-oldrel-osx-x86_64