CRAN Package Check Results for Package RobRSVD

Last updated on 2019-04-18 17:50:40 CEST.

Flavor Version Tinstall Tcheck Ttotal Status Flags
r-devel-linux-x86_64-debian-clang 1.0 1.97 29.83 31.80 NOTE
r-devel-linux-x86_64-debian-gcc 1.0 1.34 24.93 26.27 NOTE
r-devel-linux-x86_64-fedora-clang 1.0 38.05 NOTE
r-devel-linux-x86_64-fedora-gcc 1.0 37.88 NOTE
r-devel-windows-ix86+x86_64 1.0 4.00 35.00 39.00 NOTE
r-patched-linux-x86_64 1.0 1.50 29.99 31.49 NOTE
r-patched-solaris-x86 1.0 60.70 NOTE
r-release-linux-x86_64 1.0 1.03 28.86 29.89 NOTE
r-release-windows-ix86+x86_64 1.0 2.00 37.00 39.00 NOTE
r-release-osx-x86_64 1.0 NOTE
r-oldrel-windows-ix86+x86_64 1.0 2.00 37.00 39.00 NOTE
r-oldrel-osx-x86_64 1.0 NOTE

Check Details

Version: 1.0
Check: R code for possible problems
Result: NOTE
    RobRSVD: no visible global function definition for 'median'
    Undefined global functions or variables:
     median
    Consider adding
     importFrom("stats", "median")
    to your NAMESPACE file.
Flavors: r-devel-linux-x86_64-debian-clang, r-devel-linux-x86_64-debian-gcc, r-devel-linux-x86_64-fedora-clang, r-devel-linux-x86_64-fedora-gcc, r-devel-windows-ix86+x86_64, r-patched-linux-x86_64, r-patched-solaris-x86, r-release-linux-x86_64, r-release-windows-ix86+x86_64, r-release-osx-x86_64, r-oldrel-windows-ix86+x86_64, r-oldrel-osx-x86_64