CRAN Package Check Results for Package RobStatTM

Last updated on 2021-05-11 23:50:55 CEST.

Flavor Version Tinstall Tcheck Ttotal Status Flags
r-devel-linux-x86_64-debian-clang 1.0.2 14.13 86.49 100.62 OK
r-devel-linux-x86_64-debian-gcc 1.0.2 11.46 64.93 76.39 OK
r-devel-linux-x86_64-fedora-clang 1.0.2 133.08 NOTE
r-devel-linux-x86_64-fedora-gcc 1.0.2 119.43 NOTE
r-devel-windows-ix86+x86_64 1.0.2 24.00 93.00 117.00 OK
r-devel-windows-x86_64-gcc10-UCRT 1.0.2 NOTE
r-patched-linux-x86_64 1.0.2 17.96 83.22 101.18 OK
r-patched-solaris-x86 1.0.2 153.10 NOTE
r-release-linux-x86_64 1.0.2 13.49 80.14 93.63 OK
r-release-macos-x86_64 1.0.2 NOTE
r-release-windows-ix86+x86_64 1.0.2 25.00 110.00 135.00 OK
r-oldrel-macos-x86_64 1.0.2 NOTE
r-oldrel-windows-ix86+x86_64 1.0.2 29.00 121.00 150.00 OK

Check Details

Version: 1.0.2
Check: dependencies in R code
Result: NOTE
    Namespaces in Imports field not imported from:
     ‘DEoptimR’ ‘DT’ ‘PerformanceAnalytics’ ‘ggplot2’ ‘graphics’
     ‘gridExtra’ ‘methods’ ‘shinyjs’ ‘utils’ ‘xts’
     All declared Imports should be used.
Flavors: r-devel-linux-x86_64-fedora-clang, r-devel-linux-x86_64-fedora-gcc, r-devel-windows-x86_64-gcc10-UCRT, r-patched-solaris-x86, r-release-macos-x86_64, r-oldrel-macos-x86_64