Last updated on 2023-10-03 05:09:33 CEST.
Flavor | Version | Tinstall | Tcheck | Ttotal | Status | Flags |
---|---|---|---|---|---|---|
r-devel-linux-x86_64-debian-clang | 0.5.4 | 59.01 | 93.43 | 152.44 | OK | |
r-devel-linux-x86_64-debian-gcc | 0.5.4 | 47.41 | 68.54 | 115.95 | OK | |
r-devel-linux-x86_64-fedora-clang | 0.5.4 | 194.75 | OK | |||
r-devel-linux-x86_64-fedora-gcc | 0.5.4 | 205.94 | OK | |||
r-devel-windows-x86_64 | 0.5.4 | 45.00 | 109.00 | 154.00 | OK | |
r-patched-linux-x86_64 | 0.5.4 | 65.55 | 91.94 | 157.49 | OK | |
r-release-linux-x86_64 | 0.5.4 | 52.91 | 92.34 | 145.25 | OK | |
r-release-macos-arm64 | 0.5.4 | 65.00 | NOTE | |||
r-release-macos-x86_64 | 0.5.4 | 99.00 | NOTE | |||
r-release-windows-x86_64 | 0.5.4 | 57.00 | 127.00 | 184.00 | OK | |
r-oldrel-macos-arm64 | 0.5.4 | 60.00 | NOTE | |||
r-oldrel-macos-x86_64 | 0.5.4 | 70.00 | NOTE | |||
r-oldrel-windows-x86_64 | 0.5.4 | 57.00 | 122.00 | 179.00 | OK |
Version: 0.5.4
Check: installed package size
Result: NOTE
installed size is 17.8Mb
sub-directories of 1Mb or more:
libs 17.2Mb
Flavors: r-release-macos-arm64, r-release-macos-x86_64, r-oldrel-macos-arm64, r-oldrel-macos-x86_64