CRAN Package Check Results for Package RoughSets

Last updated on 2019-05-24 05:47:49 CEST.

Flavor Version Tinstall Tcheck Ttotal Status Flags
r-devel-linux-x86_64-debian-clang 1.3-0 23.16 58.42 81.58 OK
r-devel-linux-x86_64-debian-gcc 1.3-0 18.66 44.94 63.60 OK
r-devel-linux-x86_64-fedora-clang 1.3-0 102.71 NOTE
r-devel-linux-x86_64-fedora-gcc 1.3-0 95.70 NOTE
r-devel-windows-ix86+x86_64 1.3-0 43.00 122.00 165.00 OK
r-patched-linux-x86_64 1.3-0 20.42 58.65 79.07 OK
r-patched-solaris-x86 1.3-0 121.00 OK
r-release-linux-x86_64 1.3-0 21.03 58.18 79.21 OK
r-release-windows-ix86+x86_64 1.3-0 56.00 100.00 156.00 OK
r-release-osx-x86_64 1.3-0 OK
r-oldrel-windows-ix86+x86_64 1.3-0 50.00 81.00 131.00 OK
r-oldrel-osx-x86_64 1.3-0 OK

Check Details

Version: 1.3-0
Check: compiled code
Result: NOTE
    File ‘RoughSets/libs/RoughSets.so’:
     Found no calls to: ‘R_registerRoutines’, ‘R_useDynamicSymbols’
    
    It is good practice to register native routines and to disable symbol
    search.
    
    See ‘Writing portable packages’ in the ‘Writing R Extensions’ manual.
Flavors: r-devel-linux-x86_64-fedora-clang, r-devel-linux-x86_64-fedora-gcc