CRAN Package Check Results for Package RoughSets

Last updated on 2019-03-26 11:54:47 CET.

Flavor Version Tinstall Tcheck Ttotal Status Flags
r-devel-linux-x86_64-debian-clang 1.3-0 23.34 58.80 82.14 WARN
r-devel-linux-x86_64-debian-gcc 1.3-0 17.69 45.02 62.71 OK
r-devel-linux-x86_64-fedora-clang 1.3-0 104.90 NOTE
r-devel-linux-x86_64-fedora-gcc 1.3-0 96.36 NOTE
r-devel-windows-ix86+x86_64 1.3-0 54.00 93.00 147.00 OK
r-patched-linux-x86_64 1.3-0 20.66 56.30 76.96 OK
r-patched-solaris-x86 1.3-0 114.00 OK
r-release-linux-x86_64 1.3-0 20.44 55.69 76.13 OK
r-release-windows-ix86+x86_64 1.3-0 57.00 118.00 175.00 OK
r-release-osx-x86_64 1.3-0 OK
r-oldrel-windows-ix86+x86_64 1.3-0 34.00 118.00 152.00 OK
r-oldrel-osx-x86_64 1.3-0 OK

Check Details

Version: 1.3-0
Check: whether package can be installed
Result: WARN
    Found the following significant warnings:
     Warning: unable to re-encode 'BasicRoughSets.R' line 334
     Warning: unable to re-encode 'FeatureSelection.R' lines 148, 296, 501, 874
Flavor: r-devel-linux-x86_64-debian-clang

Version: 1.3-0
Check: compiled code
Result: NOTE
    File ‘RoughSets/libs/RoughSets.so’:
     Found no calls to: ‘R_registerRoutines’, ‘R_useDynamicSymbols’
    
    It is good practice to register native routines and to disable symbol
    search.
    
    See ‘Writing portable packages’ in the ‘Writing R Extensions’ manual.
Flavors: r-devel-linux-x86_64-fedora-clang, r-devel-linux-x86_64-fedora-gcc