Last updated on 2023-06-07 05:58:31 CEST.
Flavor | Version | Tinstall | Tcheck | Ttotal | Status | Flags |
---|---|---|---|---|---|---|
r-devel-linux-x86_64-debian-clang | 0.3.9 | 68.97 | 152.29 | 221.26 | OK | |
r-devel-linux-x86_64-debian-gcc | 0.3.9 | 56.33 | 113.57 | 169.90 | OK | |
r-devel-linux-x86_64-fedora-clang | 0.3.9 | 285.81 | OK | |||
r-devel-linux-x86_64-fedora-gcc | 0.3.9 | 286.49 | OK | |||
r-devel-windows-x86_64 | 0.3.9 | 60.00 | 141.00 | 201.00 | OK | |
r-patched-linux-x86_64 | 0.3.9 | 57.78 | 140.65 | 198.43 | OK | |
r-release-linux-x86_64 | 0.3.9 | 61.22 | 142.66 | 203.88 | OK | |
r-release-macos-arm64 | 0.3.9 | 84.00 | NOTE | |||
r-release-macos-x86_64 | 0.3.9 | 131.00 | NOTE | |||
r-release-windows-x86_64 | 0.3.9 | 75.00 | 172.00 | 247.00 | OK | |
r-oldrel-macos-arm64 | 0.3.9 | 66.00 | NOTE | |||
r-oldrel-macos-x86_64 | 0.3.9 | 104.00 | NOTE | |||
r-oldrel-windows-x86_64 | 0.3.9 | 69.00 | 174.00 | 243.00 | OK |
Version: 0.3.9
Check: installed package size
Result: NOTE
installed size is 6.0Mb
sub-directories of 1Mb or more:
libs 5.7Mb
Flavors: r-release-macos-arm64, r-release-macos-x86_64, r-oldrel-macos-arm64, r-oldrel-macos-x86_64