Last updated on 2023-09-24 12:28:29 CEST.
Flavor | Version | Tinstall | Tcheck | Ttotal | Status | Flags |
---|---|---|---|---|---|---|
r-devel-linux-x86_64-debian-clang | 0.4.1 | 4.27 | 55.25 | 59.52 | NOTE | |
r-devel-linux-x86_64-debian-gcc | 0.4.1 | 3.11 | 41.46 | 44.57 | NOTE | |
r-devel-linux-x86_64-fedora-clang | 0.4.1 | 72.35 | NOTE | |||
r-devel-linux-x86_64-fedora-gcc | 0.4.1 | 74.69 | NOTE | |||
r-devel-windows-x86_64 | 0.4.1 | 6.00 | 68.00 | 74.00 | NOTE | |
r-patched-linux-x86_64 | 0.4.1 | 3.26 | 51.48 | 54.74 | OK | |
r-release-linux-x86_64 | 0.4.1 | 3.95 | 51.93 | 55.88 | OK | |
r-release-macos-arm64 | 0.4.1 | 21.00 | OK | |||
r-release-macos-x86_64 | 0.4.1 | 54.00 | OK | |||
r-release-windows-x86_64 | 0.4.1 | 8.00 | 74.00 | 82.00 | OK | |
r-oldrel-macos-arm64 | 0.4.1 | 25.00 | OK | |||
r-oldrel-macos-x86_64 | 0.4.1 | 38.00 | OK | |||
r-oldrel-windows-x86_64 | 0.4.1 | 6.00 | 69.00 | 75.00 | OK |
Version: 0.4.1
Check: Rd \usage sections
Result: NOTE
Documented arguments not in \usage in documentation object 'create_tool':
‘character’
Documented arguments not in \usage in documentation object 'update_parameters_file':
‘param’
Functions with \usage entries need to have the appropriate \alias
entries, and all their arguments documented.
The \usage entries must correspond to syntactically valid R code.
See chapter ‘Writing R documentation files’ in the ‘Writing R
Extensions’ manual.
Flavors: r-devel-linux-x86_64-debian-clang, r-devel-linux-x86_64-debian-gcc, r-devel-linux-x86_64-fedora-clang, r-devel-linux-x86_64-fedora-gcc, r-devel-windows-x86_64