Last updated on 2024-08-31 23:49:14 CEST.
Flavor | Version | Tinstall | Tcheck | Ttotal | Status | Flags |
---|---|---|---|---|---|---|
r-devel-linux-x86_64-debian-clang | 2.0.3 | 56.80 | 260.57 | 317.37 | OK | |
r-devel-linux-x86_64-debian-gcc | 2.0.3 | 40.88 | 151.78 | 192.66 | OK | |
r-devel-linux-x86_64-fedora-clang | 2.0.3 | 525.09 | NOTE | |||
r-devel-linux-x86_64-fedora-gcc | 2.0.3 | 499.49 | OK | |||
r-devel-windows-x86_64 | 2.0.3 | 53.00 | 0.00 | 53.00 | FAIL | |
r-patched-linux-x86_64 | 2.0.3 | 59.90 | 236.74 | 296.64 | OK | |
r-release-linux-x86_64 | 2.0.3 | 55.84 | 236.49 | 292.33 | OK | |
r-release-macos-arm64 | 2.0.3 | 115.00 | NOTE | |||
r-release-macos-x86_64 | 2.0.3 | 180.00 | NOTE | |||
r-release-windows-x86_64 | 2.0.3 | 55.00 | 203.00 | 258.00 | NOTE | |
r-oldrel-macos-arm64 | 2.0.3 | 118.00 | NOTE | |||
r-oldrel-macos-x86_64 | 2.0.3 | 254.00 | NOTE | |||
r-oldrel-windows-x86_64 | 2.0.3 | 72.00 | 261.00 | 333.00 | NOTE |
Version: 2.0.3
Check: installed package size
Result: NOTE
installed size is 5.2Mb
sub-directories of 1Mb or more:
R 5.0Mb
Flavors: r-devel-linux-x86_64-fedora-clang, r-devel-windows-x86_64, r-release-macos-arm64, r-release-macos-x86_64, r-release-windows-x86_64, r-oldrel-macos-arm64, r-oldrel-macos-x86_64, r-oldrel-windows-x86_64
Version: 2.0.3
Check: PDF version of manual
Result: FAIL
Check process probably crashed or hung up for 20 minutes ... killed
Most likely this happened in the example checks (?),
if not, ignore the following last lines of example output:
> strategies$calls
strategy name confidence 1 2 3
1 6 directed search 0.7061538 0.003076923 0.006153846 0.003076923
4 5 6 7 8 9
1 0.08923077 0.04 0.7061538 0.1523077 0 0
> # Thresholding at 0.8 will discard the track, still returning an (empty) rtrack_strategies object
> strategies = threshold_strategies(strategies, threshold = 0.8)
> strategies$calls
[1] strategy name confidence 1 2 3
[7] 4 5 6 7 8 9
<0 rows> (or 0-length row.names)
>
>
>
>
> ### * <FOOTER>
> ###
> cleanEx()
> options(digits = 7L)
> base::cat("Time elapsed: ", proc.time() - base::get("ptime", pos = 'CheckExEnv'),"\n")
Time elapsed: 10.86 0.89 11.76 NA NA
> grDevices::dev.off()
null device
1
> ###
> ### Local variables: ***
> ### mode: outline-minor ***
> ### outline-regexp: "\\(> \\)?### [*]+" ***
> ### End: ***
> quit('no')
======== End of example output (where/before crash/hang up occured ?) ========
Flavor: r-devel-windows-x86_64