CRAN Package Check Results for Package Rvcg

Last updated on 2020-08-06 17:49:31 CEST.

Flavor Version Tinstall Tcheck Ttotal Status Flags
r-devel-linux-x86_64-debian-clang 0.19.1 709.33 43.60 752.93 OK
r-devel-linux-x86_64-debian-gcc 0.19.1 570.11 38.64 608.75 OK
r-devel-linux-x86_64-fedora-clang 0.19.1 1100.70 NOTE
r-devel-linux-x86_64-fedora-gcc 0.19.1 1035.08 OK
r-devel-windows-ix86+x86_64 0.19.1 1712.00 114.00 1826.00 NOTE
r-patched-linux-x86_64 0.19.1 611.21 48.04 659.25 OK
r-patched-solaris-x86 0.19.1 830.90 OK
r-release-linux-x86_64 0.19.1 608.95 48.08 657.03 OK
r-release-macos-x86_64 0.19.1 NOTE
r-release-windows-ix86+x86_64 0.19.1 1656.00 146.00 1802.00 NOTE
r-oldrel-macos-x86_64 0.19.1 NOTE
r-oldrel-windows-ix86+x86_64 0.19.1 1102.00 139.00 1241.00 NOTE

Check Details

Version: 0.19.1
Check: installed package size
Result: NOTE
     installed size is 58.6Mb
     sub-directories of 1Mb or more:
     libs 57.8Mb
Flavors: r-devel-linux-x86_64-fedora-clang, r-devel-windows-ix86+x86_64, r-release-macos-x86_64, r-release-windows-ix86+x86_64, r-oldrel-macos-x86_64, r-oldrel-windows-ix86+x86_64